CRAN Package Check Results for Package rscimark

Last updated on 2019-07-16 01:50:36 CEST.

Flavor Version Tinstall Tcheck Ttotal Status Flags
r-devel-linux-x86_64-debian-clang 1.0 2.91 22.59 25.50 OK
r-devel-linux-x86_64-debian-gcc 1.0 2.28 19.60 21.88 OK
r-devel-linux-x86_64-fedora-clang 1.0 31.18 NOTE
r-devel-linux-x86_64-fedora-gcc 1.0 29.64 NOTE
r-devel-windows-ix86+x86_64 1.0 17.00 48.00 65.00 OK
r-patched-linux-x86_64 1.0 2.64 21.98 24.62 OK
r-patched-solaris-x86 1.0 76.60 OK
r-release-linux-x86_64 1.0 2.59 22.08 24.67 OK
r-release-windows-ix86+x86_64 1.0 14.00 69.00 83.00 OK
r-release-osx-x86_64 1.0 OK
r-oldrel-windows-ix86+x86_64 1.0 21.00 63.00 84.00 OK
r-oldrel-osx-x86_64 1.0 OK

Check Details

Version: 1.0
Check: compiled code
Result: NOTE
    File ‘rscimark/libs/rscimark.so’:
     Found no calls to: ‘R_registerRoutines’, ‘R_useDynamicSymbols’
    
    It is good practice to register native routines and to disable symbol
    search.
    
    See ‘Writing portable packages’ in the ‘Writing R Extensions’ manual.
Flavors: r-devel-linux-x86_64-fedora-clang, r-devel-linux-x86_64-fedora-gcc