CRAN Package Check Results for Package rrscale

Last updated on 2019-07-16 01:50:36 CEST.

Flavor Version Tinstall Tcheck Ttotal Status Flags
r-devel-linux-x86_64-debian-clang 0.1.3 1.86 33.03 34.89 NOTE
r-devel-linux-x86_64-debian-gcc 0.1.3 2.00 25.70 27.70 NOTE
r-devel-linux-x86_64-fedora-clang 0.1.3 41.56 NOTE
r-devel-linux-x86_64-fedora-gcc 0.1.3 41.19 NOTE
r-devel-windows-ix86+x86_64 0.1.3 7.00 42.00 49.00 OK
r-patched-linux-x86_64 0.1.3 2.61 32.48 35.09 OK
r-patched-solaris-x86 0.1.3 64.30 NOTE
r-release-linux-x86_64 0.1.3 2.25 32.48 34.73 OK
r-release-windows-ix86+x86_64 0.1.3 4.00 62.00 66.00 OK
r-release-osx-x86_64 0.1.3 NOTE
r-oldrel-windows-ix86+x86_64 0.1.3 4.00 45.00 49.00 OK
r-oldrel-osx-x86_64 0.1.3 NOTE

Check Details

Version: 0.1.3
Check: package vignettes
Result: NOTE
    Package vignette with placeholder title 'Vignette Title':
     'rescaling_data.Rmd'
Flavors: r-devel-linux-x86_64-debian-clang, r-devel-linux-x86_64-debian-gcc

Version: 0.1.3
Check: dependencies in R code
Result: NOTE
    Namespace in Imports field not imported from: ‘abind’
     All declared Imports should be used.
Flavors: r-devel-linux-x86_64-fedora-clang, r-devel-linux-x86_64-fedora-gcc, r-patched-solaris-x86, r-release-osx-x86_64, r-oldrel-osx-x86_64