CRAN Package Check Results for Package rpartitions

Last updated on 2019-05-22 01:46:47 CEST.

Flavor Version Tinstall Tcheck Ttotal Status Flags
r-devel-linux-x86_64-debian-clang 0.1 2.41 20.92 23.33 NOTE
r-devel-linux-x86_64-debian-gcc 0.1 2.05 17.22 19.27 NOTE
r-devel-linux-x86_64-fedora-clang 0.1 29.72 NOTE
r-devel-linux-x86_64-fedora-gcc 0.1 27.50 NOTE
r-devel-windows-ix86+x86_64 0.1 7.00 59.00 66.00 NOTE
r-patched-linux-x86_64 0.1 2.49 20.92 23.41 NOTE
r-patched-solaris-x86 0.1 43.80 NOTE
r-release-linux-x86_64 0.1 2.34 20.89 23.23 NOTE
r-release-windows-ix86+x86_64 0.1 13.00 44.00 57.00 NOTE
r-release-osx-x86_64 0.1 NOTE
r-oldrel-windows-ix86+x86_64 0.1 6.00 38.00 44.00 NOTE
r-oldrel-osx-x86_64 0.1 NOTE

Check Details

Version: 0.1
Check: DESCRIPTION meta-information
Result: NOTE
    License components which are templates and need '+ file LICENSE':
     MIT
Flavors: r-devel-linux-x86_64-debian-clang, r-devel-linux-x86_64-debian-gcc, r-devel-linux-x86_64-fedora-clang, r-devel-linux-x86_64-fedora-gcc, r-patched-linux-x86_64, r-patched-solaris-x86, r-release-linux-x86_64, r-release-osx-x86_64, r-oldrel-osx-x86_64

Version: 0.1
Check: dependencies in R code
Result: NOTE
    Package in Depends field not imported from: 'hash'
     These packages need to be imported from (in the NAMESPACE file)
     for when this namespace is loaded but not attached.
Flavors: r-devel-linux-x86_64-debian-clang, r-devel-linux-x86_64-debian-gcc, r-devel-linux-x86_64-fedora-clang, r-devel-linux-x86_64-fedora-gcc, r-devel-windows-ix86+x86_64, r-patched-linux-x86_64, r-patched-solaris-x86, r-release-linux-x86_64, r-release-windows-ix86+x86_64, r-release-osx-x86_64, r-oldrel-windows-ix86+x86_64, r-oldrel-osx-x86_64

Version: 0.1
Check: R code for possible problems
Result: NOTE
    P: no visible global function definition for 'has.key'
    get_rand_int: no visible global function definition for 'runif'
    last: no visible global function definition for 'tail'
    rand_partitions: no visible global function definition for 'hash'
    Undefined global functions or variables:
     has.key hash runif tail
    Consider adding
     importFrom("stats", "runif")
     importFrom("utils", "tail")
    to your NAMESPACE file.
Flavors: r-devel-linux-x86_64-debian-clang, r-devel-linux-x86_64-debian-gcc, r-devel-linux-x86_64-fedora-clang, r-devel-linux-x86_64-fedora-gcc, r-devel-windows-ix86+x86_64, r-patched-linux-x86_64, r-patched-solaris-x86, r-release-linux-x86_64, r-release-windows-ix86+x86_64, r-release-osx-x86_64, r-oldrel-windows-ix86+x86_64, r-oldrel-osx-x86_64

Version: 0.1
Check: compiled code
Result: NOTE
    File ‘rpartitions/libs/rpartitions.so’:
     Found no calls to: ‘R_registerRoutines’, ‘R_useDynamicSymbols’
    
    It is good practice to register native routines and to disable symbol
    search.
    
    See ‘Writing portable packages’ in the ‘Writing R Extensions’ manual.
Flavors: r-devel-linux-x86_64-fedora-clang, r-devel-linux-x86_64-fedora-gcc