CRAN Package Check Results for Package rpartScore

Last updated on 2019-08-20 01:48:17 CEST.

Flavor Version Tinstall Tcheck Ttotal Status Flags
r-devel-linux-x86_64-debian-clang 1.0-1 2.06 37.85 39.91 NOTE
r-devel-linux-x86_64-debian-gcc 1.0-1 1.69 28.56 30.25 NOTE
r-devel-linux-x86_64-fedora-clang 1.0-1 48.20 NOTE
r-devel-linux-x86_64-fedora-gcc 1.0-1 44.77 NOTE
r-devel-windows-ix86+x86_64 1.0-1 10.00 52.00 62.00 NOTE
r-patched-linux-x86_64 1.0-1 2.09 36.62 38.71 NOTE
r-patched-solaris-x86 1.0-1 64.60 NOTE
r-release-linux-x86_64 1.0-1 1.74 36.31 38.05 NOTE
r-release-windows-ix86+x86_64 1.0-1 4.00 44.00 48.00 NOTE
r-release-osx-x86_64 1.0-1 NOTE
r-oldrel-windows-ix86+x86_64 1.0-1 5.00 58.00 63.00 NOTE
r-oldrel-osx-x86_64 1.0-1 NOTE

Check Details

Version: 1.0-1
Check: R code for possible problems
Result: NOTE
    evalMedian: no visible global function definition for 'xtabs'
    evalMode: no visible global function definition for 'xtabs'
    rpartScore: no visible global function definition for 'model.extract'
    rpartScore: no visible global function definition for 'var'
    rpartScore: no visible binding for global variable 'var'
    splitAbs: no visible global function definition for 'xtabs'
    Undefined global functions or variables:
     model.extract var xtabs
    Consider adding
     importFrom("stats", "model.extract", "var", "xtabs")
    to your NAMESPACE file.
Flavors: r-devel-linux-x86_64-debian-clang, r-devel-linux-x86_64-debian-gcc, r-devel-linux-x86_64-fedora-clang, r-devel-linux-x86_64-fedora-gcc, r-devel-windows-ix86+x86_64, r-patched-linux-x86_64, r-patched-solaris-x86, r-release-linux-x86_64, r-release-windows-ix86+x86_64, r-release-osx-x86_64, r-oldrel-windows-ix86+x86_64, r-oldrel-osx-x86_64