CRAN Package Check Results for Package robustSingleCell

Last updated on 2019-12-05 00:52:11 CET.

Flavor Version Tinstall Tcheck Ttotal Status Flags
r-devel-linux-x86_64-debian-clang 0.1.1 26.70 115.27 141.97 OK
r-devel-linux-x86_64-debian-gcc 0.1.1 19.24 86.81 106.05 OK
r-devel-linux-x86_64-fedora-clang 0.1.1 170.59 OK
r-devel-linux-x86_64-fedora-gcc 0.1.1 162.72 OK
r-devel-windows-ix86+x86_64 0.1.1 52.00 250.00 302.00 OK
r-devel-windows-ix86+x86_64-gcc8 0.1.1 56.00 263.00 319.00 NOTE
r-patched-linux-x86_64 0.1.1 20.34 102.10 122.44 OK
r-patched-solaris-x86 0.1.1 206.50 OK
r-release-linux-x86_64 0.1.1 21.83 112.68 134.51 OK
r-release-windows-ix86+x86_64 0.1.1 42.00 167.00 209.00 OK
r-release-osx-x86_64 0.1.1 OK
r-oldrel-windows-ix86+x86_64 0.1.1 37.00 240.00 277.00 OK
r-oldrel-osx-x86_64 0.1.1 OK

Check Details

Version: 0.1.1
Check: installed package size
Result: NOTE
     installed size is 5.3Mb
     sub-directories of 1Mb or more:
     doc 2.7Mb
     libs 2.0Mb
Flavor: r-devel-windows-ix86+x86_64-gcc8