CRAN Package Check Results for Package robustSingleCell

Last updated on 2019-08-20 01:48:17 CEST.

Flavor Version Tinstall Tcheck Ttotal Status Flags
r-devel-linux-x86_64-debian-clang 0.1.1 20.97 105.74 126.71 OK
r-devel-linux-x86_64-debian-gcc 0.1.1 16.63 79.56 96.19 OK
r-devel-linux-x86_64-fedora-clang 0.1.1 163.46 OK
r-devel-linux-x86_64-fedora-gcc 0.1.1 149.69 OK
r-devel-windows-ix86+x86_64 0.1.1 71.00 221.00 292.00 OK
r-patched-linux-x86_64 0.1.1 18.86 100.32 119.18 OK
r-patched-solaris-x86 0.1.1 203.40 OK
r-release-linux-x86_64 0.1.1 20.33 103.01 123.34 OK
r-release-windows-ix86+x86_64 0.1.1 39.00 170.00 209.00 OK
r-release-osx-x86_64 0.1.1 ERROR
r-oldrel-windows-ix86+x86_64 0.1.1 48.00 253.00 301.00 OK
r-oldrel-osx-x86_64 0.1.1 OK

Check Details

Version: 0.1.1
Check: package dependencies
Result: ERROR
    Packages required but not available: 'limma', 'biomaRt'
    
    Package suggested but not available for checking: ‘GEOquery’
    
    See section ‘The DESCRIPTION file’ in the ‘Writing R Extensions’
    manual.
Flavor: r-release-osx-x86_64