CRAN Package Check Results for Package rnrfa

Last updated on 2019-11-12 00:52:54 CET.

Flavor Version Tinstall Tcheck Ttotal Status Flags
r-devel-linux-x86_64-debian-clang 2.0 7.66 76.58 84.24 ERROR
r-devel-linux-x86_64-debian-gcc 2.0.1 6.19 58.43 64.62 OK
r-devel-linux-x86_64-fedora-clang 2.0.1 102.30 OK
r-devel-linux-x86_64-fedora-gcc 2.0.1 99.31 OK
r-devel-windows-ix86+x86_64 2.0.1 30.00 143.00 173.00 OK
r-patched-linux-x86_64 2.0.1 7.22 72.01 79.23 OK
r-patched-solaris-x86 2.0 160.50 OK
r-release-linux-x86_64 2.0 6.50 73.73 80.23 ERROR
r-release-windows-ix86+x86_64 2.0 26.00 160.00 186.00 OK
r-release-osx-x86_64 2.0 OK
r-oldrel-windows-ix86+x86_64 2.0 13.00 157.00 170.00 OK
r-oldrel-osx-x86_64 2.0 OK

Check Details

Version: 2.0
Check: tests
Result: ERROR
     Running 'testthat.R' [14s/31s]
    Running the tests in 'tests/testthat.R' failed.
    Complete output:
     > library("testthat")
     > library("rnrfa")
     +--------------------------------------------------+
     | Acknowledgement: |
     | Data from the UK National River Flow Archive |
     | Terms & Conditions: |
     | http://nrfa.ceh.ac.uk/costs-terms-and-conditions |
     +--------------------------------------------------+
     > library("lintr")
     >
     > if (!curl::has_internet()) {
     + message("No internet, cannot run tests")
     + }else{
     + test_check("rnrfa")
     + }
     -- 1. Failure: vectorized version of parse_osg() returns values as before (@test
     lapply(wgs, round, digits = 4) not equal to `latslons`.
     Component "lon": Mean relative difference: 0.0005103496
     Component "lat": Mean relative difference: 6.5725e-06
    
     == testthat results ===========================================================
     [ OK: 48 | SKIPPED: 0 | WARNINGS: 0 | FAILED: 1 ]
     1. Failure: vectorized version of parse_osg() returns values as before (@test-osg_parse.R#146)
    
     Error: testthat unit tests failed
     Execution halted
Flavor: r-devel-linux-x86_64-debian-clang

Version: 2.0
Check: tests
Result: ERROR
     Running ‘testthat.R’ [14s/29s]
    Running the tests in ‘tests/testthat.R’ failed.
    Complete output:
     > library("testthat")
     > library("rnrfa")
     +--------------------------------------------------+
     | Acknowledgement: |
     | Data from the UK National River Flow Archive |
     | Terms & Conditions: |
     | http://nrfa.ceh.ac.uk/costs-terms-and-conditions |
     +--------------------------------------------------+
     > library("lintr")
     >
     > if (!curl::has_internet()) {
     + message("No internet, cannot run tests")
     + }else{
     + test_check("rnrfa")
     + }
     ── 1. Failure: vectorized version of parse_osg() returns values as before (@test
     lapply(wgs, round, digits = 4) not equal to `latslons`.
     Component "lon": Mean relative difference: 0.0005103496
     Component "lat": Mean relative difference: 6.5725e-06
    
     ══ testthat results ═══════════════════════════════════════════════════════════
     [ OK: 48 | SKIPPED: 0 | WARNINGS: 0 | FAILED: 1 ]
     1. Failure: vectorized version of parse_osg() returns values as before (@test-osg_parse.R#146)
    
     Error: testthat unit tests failed
     Execution halted
Flavor: r-release-linux-x86_64