CRAN Package Check Results for Package rminer

Last updated on 2019-08-18 01:46:19 CEST.

Flavor Version Tinstall Tcheck Ttotal Status Flags
r-devel-linux-x86_64-debian-clang 1.4.2 27.19 149.89 177.08 NOTE
r-devel-linux-x86_64-debian-gcc 1.4.2 24.16 114.87 139.03 NOTE
r-devel-linux-x86_64-fedora-gcc 1.4.2 201.82 NOTE
r-devel-windows-ix86+x86_64 1.4.2 65.00 180.00 245.00 OK
r-patched-linux-x86_64 1.4.2 25.11 145.77 170.88 OK
r-patched-solaris-x86 1.4.2 327.80 OK
r-release-linux-x86_64 1.4.2 27.79 149.12 176.91 OK
r-release-windows-ix86+x86_64 1.4.2 40.00 216.00 256.00 OK
r-release-osx-x86_64 1.4.2 OK
r-oldrel-windows-ix86+x86_64 1.4.2 53.00 216.00 269.00 OK
r-oldrel-osx-x86_64 1.4.2 OK

Check Details

Version: 1.4.2
Check: for non-standard things in the check directory
Result: NOTE
    Found the following files/directories:
     'iris.model'
Flavors: r-devel-linux-x86_64-debian-clang, r-devel-linux-x86_64-debian-gcc, r-devel-linux-x86_64-fedora-gcc