CRAN Package Check Results for Package rminer

Last updated on 2019-12-05 00:52:11 CET.

Flavor Version Tinstall Tcheck Ttotal Status Flags
r-devel-linux-x86_64-debian-clang 1.4.2 27.43 163.99 191.42 NOTE
r-devel-linux-x86_64-debian-gcc 1.4.2 25.60 124.35 149.95 NOTE
r-devel-linux-x86_64-fedora-clang 1.4.2 217.59 NOTE
r-devel-linux-x86_64-fedora-gcc 1.4.2 215.14 NOTE
r-devel-windows-ix86+x86_64 1.4.2 54.00 224.00 278.00 OK
r-devel-windows-ix86+x86_64-gcc8 1.4.2 60.00 237.00 297.00 OK
r-patched-linux-x86_64 1.4.2 25.62 143.58 169.20 OK
r-patched-solaris-x86 1.4.2 316.80 OK
r-release-linux-x86_64 1.4.2 27.88 161.48 189.36 OK
r-release-windows-ix86+x86_64 1.4.2 42.00 154.00 196.00 OK
r-release-osx-x86_64 1.4.2 OK
r-oldrel-windows-ix86+x86_64 1.4.2 34.00 167.00 201.00 OK
r-oldrel-osx-x86_64 1.4.2 OK

Check Details

Version: 1.4.2
Check: for non-standard things in the check directory
Result: NOTE
    Found the following files/directories:
     'iris.model'
Flavors: r-devel-linux-x86_64-debian-clang, r-devel-linux-x86_64-debian-gcc, r-devel-linux-x86_64-fedora-clang, r-devel-linux-x86_64-fedora-gcc