CRAN Package Check Results for Package rmarkdown

Last updated on 2019-04-24 01:51:17 CEST.

Flavor Version Tinstall Tcheck Ttotal Status Flags
r-devel-linux-x86_64-debian-clang 1.12 8.13 50.97 59.10 OK
r-devel-linux-x86_64-debian-gcc 1.12 7.61 40.48 48.09 OK
r-devel-linux-x86_64-fedora-clang 1.12 70.29 NOTE
r-devel-linux-x86_64-fedora-gcc 1.12 67.88 OK
r-devel-windows-ix86+x86_64 1.12 24.00 60.00 84.00 NOTE
r-patched-linux-x86_64 1.12 8.72 51.26 59.98 OK
r-patched-solaris-x86 1.12 101.30 NOTE
r-release-linux-x86_64 1.12 6.11 48.80 54.91 OK
r-release-windows-ix86+x86_64 1.12 18.00 84.00 102.00 NOTE
r-release-osx-x86_64 1.12 NOTE
r-oldrel-windows-ix86+x86_64 1.12 16.00 84.00 100.00 NOTE
r-oldrel-osx-x86_64 1.12 NOTE

Check Details

Version: 1.12
Check: installed package size
Result: NOTE
     installed size is 9.1Mb
     sub-directories of 1Mb or more:
     rmd 8.3Mb
Flavors: r-devel-linux-x86_64-fedora-clang, r-devel-windows-ix86+x86_64, r-patched-solaris-x86, r-release-windows-ix86+x86_64, r-release-osx-x86_64, r-oldrel-windows-ix86+x86_64, r-oldrel-osx-x86_64