CRAN Package Check Results for Package riskclustr

Last updated on 2019-09-20 01:47:54 CEST.

Flavor Version Tinstall Tcheck Ttotal Status Flags
r-devel-linux-x86_64-debian-clang 0.2 2.76 65.07 67.83 OK
r-devel-linux-x86_64-debian-gcc 0.2 2.40 51.46 53.86 OK
r-devel-linux-x86_64-fedora-clang 0.2 84.00 NOTE
r-devel-linux-x86_64-fedora-gcc 0.2 82.01 NOTE
r-devel-windows-ix86+x86_64 0.2 11.00 103.00 114.00 OK
r-patched-linux-x86_64 0.2 2.36 64.09 66.45 OK
r-patched-solaris-x86 0.2 142.00 NOTE
r-release-linux-x86_64 0.2 2.33 65.18 67.51 OK
r-release-windows-ix86+x86_64 0.2 6.00 100.00 106.00 OK
r-release-osx-x86_64 0.2 NOTE
r-oldrel-windows-ix86+x86_64 0.2 4.00 72.00 76.00 OK
r-oldrel-osx-x86_64 0.2 NOTE

Check Details

Version: 0.2
Check: dependencies in R code
Result: NOTE
    Namespace in Imports field not imported from: ‘gtools’
     All declared Imports should be used.
Flavors: r-devel-linux-x86_64-fedora-clang, r-devel-linux-x86_64-fedora-gcc, r-patched-solaris-x86, r-release-osx-x86_64, r-oldrel-osx-x86_64