CRAN Package Check Results for Package rhoR

Last updated on 2019-11-12 00:52:54 CET.

Flavor Version Tinstall Tcheck Ttotal Status Flags
r-devel-linux-x86_64-debian-clang 1.2.1.2 2.33 31.76 34.09 ERROR
r-devel-linux-x86_64-debian-gcc 1.2.1.2 1.90 24.99 26.89 OK
r-devel-linux-x86_64-fedora-clang 1.2.1.2 42.44 OK
r-devel-linux-x86_64-fedora-gcc 1.2.1.2 41.35 OK
r-devel-windows-ix86+x86_64 1.2.1.2 8.00 44.00 52.00 OK
r-patched-linux-x86_64 1.2.1.2 1.79 30.85 32.64 OK
r-patched-solaris-x86 1.2.1.2 68.10 OK
r-release-linux-x86_64 1.2.1.2 1.88 30.54 32.42 OK
r-release-windows-ix86+x86_64 1.2.1.2 9.00 61.00 70.00 OK
r-release-osx-x86_64 1.2.1.2 OK
r-oldrel-windows-ix86+x86_64 1.2.1.2 4.00 41.00 45.00 OK
r-oldrel-osx-x86_64 1.2.1.2 OK

Check Details

Version: 1.2.1.2
Check: tests
Result: ERROR
     Running 'testthat.R' [8s/9s]
    Running the tests in 'tests/testthat.R' failed.
    Complete output:
     > library(testthat)
     > library(rhoR)
    
     Attaching package: 'rhoR'
    
     The following object is masked from 'package:base':
    
     kappa
    
     >
     > test_check("rhoR")
     -- 1. Failure: create random sets (@test-util-methods.R#31) -------------------
     floor(kappa(set) * 100)/100 is not more than 0.4. Difference: -0.01
    
     == testthat results ===========================================================
     [ OK: 97 | SKIPPED: 0 | WARNINGS: 0 | FAILED: 1 ]
     1. Failure: create random sets (@test-util-methods.R#31)
    
     Error: testthat unit tests failed
     Execution halted
Flavor: r-devel-linux-x86_64-debian-clang