CRAN Package Check Results for Package revgeo

Last updated on 2019-11-12 00:52:53 CET.

Flavor Version Tinstall Tcheck Ttotal Status Flags
r-devel-linux-x86_64-debian-clang 0.15 2.44 23.35 25.79 OK
r-devel-linux-x86_64-debian-gcc 0.15 2.24 18.66 20.90 OK
r-devel-linux-x86_64-fedora-clang 0.15 31.90 OK
r-devel-linux-x86_64-fedora-gcc 0.15 31.54 OK
r-devel-windows-ix86+x86_64 0.15 6.00 36.00 42.00 OK
r-patched-linux-x86_64 0.15 2.23 22.73 24.96 OK
r-patched-solaris-x86 0.15 47.60 ERROR
r-release-linux-x86_64 0.15 2.40 22.69 25.09 OK
r-release-windows-ix86+x86_64 0.15 8.00 51.00 59.00 OK
r-release-osx-x86_64 0.15 OK
r-oldrel-windows-ix86+x86_64 0.15 3.00 36.00 39.00 OK
r-oldrel-osx-x86_64 0.15 OK

Check Details

Version: 0.15
Check: examples
Result: ERROR
    Running examples in ‘revgeo-Ex.R’ failed
    The error most likely occurred in:
    
    > ### Name: revgeo
    > ### Title: Reverse Geocoding with the Photon Geocoder for OpenStreetMap,
    > ### Google Maps, and Bing.
    > ### Aliases: revgeo
    > ### Keywords: geocode reverse
    >
    > ### ** Examples
    >
    > revgeo(longitude=-77.0229529, latitude=38.89283435)
    [1] "Getting geocode data from Photon: http://photon.komoot.de/reverse?lon=-77.0229529&lat=38.89283435"
    
    Execution halted
Flavor: r-patched-solaris-x86