CRAN Package Check Results for Package revgeo

Last updated on 2019-07-22 01:46:29 CEST.

Flavor Version Tinstall Tcheck Ttotal Status Flags
r-devel-linux-x86_64-debian-clang 0.15 2.18 23.37 25.55 OK
r-devel-linux-x86_64-debian-gcc 0.15 2.01 19.11 21.12 OK
r-devel-linux-x86_64-fedora-clang 0.15 30.84 OK
r-devel-linux-x86_64-fedora-gcc 0.15 30.49 OK
r-devel-windows-ix86+x86_64 0.15 5.00 36.00 41.00 OK
r-patched-linux-x86_64 0.15 2.60 23.54 26.14 OK
r-patched-solaris-x86 0.15 52.10 ERROR
r-release-linux-x86_64 0.15 2.20 23.41 25.61 OK
r-release-windows-ix86+x86_64 0.15 9.00 38.00 47.00 OK
r-release-osx-x86_64 0.15 OK
r-oldrel-windows-ix86+x86_64 0.15 3.00 53.00 56.00 OK
r-oldrel-osx-x86_64 0.15 OK

Check Details

Version: 0.15
Check: examples
Result: ERROR
    Running examples in ‘revgeo-Ex.R’ failed
    The error most likely occurred in:
    
    > ### Name: revgeo
    > ### Title: Reverse Geocoding with the Photon Geocoder for OpenStreetMap,
    > ### Google Maps, and Bing.
    > ### Aliases: revgeo
    > ### Keywords: geocode reverse
    >
    > ### ** Examples
    >
    > revgeo(longitude=-77.0229529, latitude=38.89283435)
    [1] "Getting geocode data from Photon: http://photon.komoot.de/reverse?lon=-77.0229529&lat=38.89283435"
    
    Execution halted
Flavor: r-patched-solaris-x86