CRAN Package Check Results for Package repurrrsive

Last updated on 2019-11-17 01:48:20 CET.

Flavor Version Tinstall Tcheck Ttotal Status Flags
r-devel-linux-x86_64-debian-clang 1.0.0 2.63 35.06 37.69 OK
r-devel-linux-x86_64-debian-gcc 1.0.0 2.38 27.08 29.46 OK
r-devel-linux-x86_64-fedora-clang 1.0.0 46.24 NOTE
r-devel-linux-x86_64-fedora-gcc 1.0.0 45.46 NOTE
r-devel-windows-ix86+x86_64 1.0.0 14.00 71.00 85.00 OK
r-patched-linux-x86_64 1.0.0 2.74 33.40 36.14 OK
r-patched-solaris-x86 1.0.0 65.60 NOTE
r-release-linux-x86_64 1.0.0 2.63 33.10 35.73 OK
r-release-windows-ix86+x86_64 1.0.0 7.00 60.00 67.00 OK
r-release-osx-x86_64 1.0.0 NOTE
r-oldrel-windows-ix86+x86_64 1.0.0 4.00 58.00 62.00 OK
r-oldrel-osx-x86_64 1.0.0 NOTE

Check Details

Version: 1.0.0
Check: data for non-ASCII characters
Result: NOTE
     Note: found 25 marked UTF-8 strings
Flavors: r-devel-linux-x86_64-fedora-clang, r-devel-linux-x86_64-fedora-gcc, r-patched-solaris-x86, r-release-osx-x86_64, r-oldrel-osx-x86_64