CRAN Package Check Results for Package reproducer

Last updated on 2019-07-16 01:50:35 CEST.

Flavor Version Tinstall Tcheck Ttotal Status Flags
r-devel-linux-x86_64-debian-clang 0.3.0 6.02 55.42 61.44 OK
r-devel-linux-x86_64-debian-gcc 0.3.0 5.60 44.16 49.76 OK
r-devel-linux-x86_64-fedora-clang 0.3.0 73.73 NOTE
r-devel-linux-x86_64-fedora-gcc 0.3.0 74.82 NOTE
r-devel-windows-ix86+x86_64 0.3.0 21.00 78.00 99.00 OK
r-patched-linux-x86_64 0.3.0 6.36 54.55 60.91 OK
r-patched-solaris-x86 0.3.0 109.20 NOTE
r-release-linux-x86_64 0.3.0 6.63 55.39 62.02 OK
r-release-windows-ix86+x86_64 0.3.0 12.00 111.00 123.00 OK
r-release-osx-x86_64 0.3.0 NOTE
r-oldrel-windows-ix86+x86_64 0.3.0 14.00 93.00 107.00 OK
r-oldrel-osx-x86_64 0.3.0 NOTE

Check Details

Version: 0.3.0
Check: dependencies in R code
Result: NOTE
    Namespace in Imports field not imported from: ‘magrittr’
     All declared Imports should be used.
Flavors: r-devel-linux-x86_64-fedora-clang, r-devel-linux-x86_64-fedora-gcc, r-patched-solaris-x86, r-release-osx-x86_64, r-oldrel-osx-x86_64