CRAN Package Check Results for Package reinforcelearn

Last updated on 2019-08-20 01:48:16 CEST.

Flavor Version Tinstall Tcheck Ttotal Status Flags
r-devel-linux-x86_64-debian-clang 0.2.1 14.07 36.33 50.40 OK
r-devel-linux-x86_64-debian-gcc 0.2.1 12.56 28.92 41.48 OK
r-devel-linux-x86_64-fedora-clang 0.2.1 61.07 NOTE
r-devel-linux-x86_64-fedora-gcc 0.2.1 64.32 NOTE
r-devel-windows-ix86+x86_64 0.2.1 27.00 56.00 83.00 OK
r-patched-linux-x86_64 0.2.1 14.54 34.93 49.47 OK
r-patched-solaris-x86 0.2.1 87.10 NOTE
r-release-linux-x86_64 0.2.1 15.27 34.92 50.19 OK
r-release-windows-ix86+x86_64 0.2.1 18.00 54.00 72.00 OK
r-release-osx-x86_64 0.2.1 NOTE
r-oldrel-windows-ix86+x86_64 0.2.1 23.00 62.00 85.00 OK
r-oldrel-osx-x86_64 0.2.1 NOTE

Check Details

Version: 0.2.1
Check: dependencies in R code
Result: NOTE
    Namespaces in Imports field not imported from:
     ‘R6’ ‘nnet’ ‘purrr’
     All declared Imports should be used.
Flavors: r-devel-linux-x86_64-fedora-clang, r-devel-linux-x86_64-fedora-gcc, r-patched-solaris-x86, r-release-osx-x86_64, r-oldrel-osx-x86_64