CRAN Package Check Results for Package reinforcelearn

Last updated on 2019-05-27 01:47:53 CEST.

Flavor Version Tinstall Tcheck Ttotal Status Flags
r-devel-linux-x86_64-debian-clang 0.2.1 14.59 36.19 50.78 OK
r-devel-linux-x86_64-debian-gcc 0.2.1 12.44 28.48 40.92 OK
r-devel-linux-x86_64-fedora-clang 0.2.1 61.17 NOTE
r-devel-linux-x86_64-fedora-gcc 0.2.1 59.04 NOTE
r-devel-windows-ix86+x86_64 0.2.1 19.00 74.00 93.00 OK
r-patched-linux-x86_64 0.2.1 OK
r-patched-solaris-x86 0.2.1 84.70 NOTE
r-release-linux-x86_64 0.2.1 13.45 35.70 49.15 OK
r-release-windows-ix86+x86_64 0.2.1 27.00 76.00 103.00 OK
r-release-osx-x86_64 0.2.1 NOTE
r-oldrel-windows-ix86+x86_64 0.2.1 24.00 47.00 71.00 OK
r-oldrel-osx-x86_64 0.2.1 NOTE

Check Details

Version: 0.2.1
Check: dependencies in R code
Result: NOTE
    Namespaces in Imports field not imported from:
     ‘R6’ ‘nnet’ ‘purrr’
     All declared Imports should be used.
Flavors: r-devel-linux-x86_64-fedora-clang, r-devel-linux-x86_64-fedora-gcc, r-patched-solaris-x86, r-release-osx-x86_64, r-oldrel-osx-x86_64