CRAN Package Check Results for Package readr

Last updated on 2019-07-16 01:50:34 CEST.

Flavor Version Tinstall Tcheck Ttotal Status Flags
r-devel-linux-x86_64-debian-clang 1.3.1 219.81 55.21 275.02 NOTE
r-devel-linux-x86_64-debian-gcc 1.3.1 182.26 44.25 226.51 NOTE
r-devel-linux-x86_64-fedora-clang 1.3.1 396.88 NOTE
r-devel-linux-x86_64-fedora-gcc 1.3.1 401.58 NOTE
r-devel-windows-ix86+x86_64 1.3.1 861.00 113.00 974.00 NOTE
r-patched-linux-x86_64 1.3.1 212.52 55.07 267.59 NOTE
r-patched-solaris-x86 1.3.1 454.20 WARN
r-release-linux-x86_64 1.3.1 215.12 54.53 269.65 NOTE
r-release-windows-ix86+x86_64 1.3.1 556.00 112.00 668.00 NOTE
r-release-osx-x86_64 1.3.1 NOTE
r-oldrel-windows-ix86+x86_64 1.3.1 785.00 106.00 891.00 NOTE
r-oldrel-osx-x86_64 1.3.1 NOTE

Check Details

Version: 1.3.1
Check: for GNU extensions in Makefiles
Result: NOTE
    GNU make is a SystemRequirements.
Flavors: r-devel-linux-x86_64-debian-clang, r-devel-linux-x86_64-debian-gcc, r-devel-linux-x86_64-fedora-clang, r-devel-linux-x86_64-fedora-gcc, r-devel-windows-ix86+x86_64, r-patched-linux-x86_64, r-patched-solaris-x86, r-release-linux-x86_64, r-release-windows-ix86+x86_64, r-release-osx-x86_64, r-oldrel-windows-ix86+x86_64, r-oldrel-osx-x86_64

Version: 1.3.1
Check: installed package size
Result: NOTE
     installed size is 9.2Mb
     sub-directories of 1Mb or more:
     libs 8.4Mb
Flavor: r-devel-linux-x86_64-fedora-clang

Version: 1.3.1
Check: for unstated dependencies in ‘tests’
Result: WARN
    Warning in deparse(e[[2L]]) :
     it is not known that wchar_t is Unicode on this platform
    Warning in deparse(e[[2L]]) :
     it is not known that wchar_t is Unicode on this platform
    Warning in deparse(e[[2L]]) :
     it is not known that wchar_t is Unicode on this platform
    Warning in deparse(e[[2L]]) :
     it is not known that wchar_t is Unicode on this platform
Flavor: r-patched-solaris-x86