CRAN Package Check Results for Package readr

Last updated on 2019-10-21 02:46:41 CEST.

Flavor Version Tinstall Tcheck Ttotal Status Flags
r-devel-linux-x86_64-debian-clang 1.3.1 242.14 54.51 296.65 NOTE
r-devel-linux-x86_64-debian-gcc 1.3.1 183.94 42.28 226.22 NOTE
r-devel-linux-x86_64-fedora-clang 1.3.1 417.35 NOTE
r-devel-linux-x86_64-fedora-gcc 1.3.1 404.17 NOTE
r-devel-windows-ix86+x86_64 1.3.1 562.00 111.00 673.00 NOTE
r-patched-linux-x86_64 1.3.1 206.46 52.20 258.66 NOTE
r-patched-solaris-x86 1.3.1 405.20 WARN
r-release-linux-x86_64 1.3.1 207.29 53.11 260.40 NOTE
r-release-windows-ix86+x86_64 1.3.1 775.00 112.00 887.00 NOTE
r-release-osx-x86_64 1.3.1 NOTE
r-oldrel-windows-ix86+x86_64 1.3.1 527.00 105.00 632.00 NOTE
r-oldrel-osx-x86_64 1.3.1 NOTE

Additional issues

valgrind

Check Details

Version: 1.3.1
Check: for GNU extensions in Makefiles
Result: NOTE
    GNU make is a SystemRequirements.
Flavors: r-devel-linux-x86_64-debian-clang, r-devel-linux-x86_64-debian-gcc, r-devel-linux-x86_64-fedora-clang, r-devel-linux-x86_64-fedora-gcc, r-devel-windows-ix86+x86_64, r-patched-linux-x86_64, r-patched-solaris-x86, r-release-linux-x86_64, r-release-windows-ix86+x86_64, r-release-osx-x86_64, r-oldrel-windows-ix86+x86_64, r-oldrel-osx-x86_64

Version: 1.3.1
Check: installed package size
Result: NOTE
     installed size is 9.9Mb
     sub-directories of 1Mb or more:
     libs 9.1Mb
Flavor: r-devel-linux-x86_64-fedora-clang

Version: 1.3.1
Check: for unstated dependencies in ‘tests’
Result: WARN
    Warning in deparse(e[[2L]]) :
     it is not known that wchar_t is Unicode on this platform
    Warning in deparse(e[[2L]]) :
     it is not known that wchar_t is Unicode on this platform
    Warning in deparse(e[[2L]]) :
     it is not known that wchar_t is Unicode on this platform
    Warning in deparse(e[[2L]]) :
     it is not known that wchar_t is Unicode on this platform
Flavor: r-patched-solaris-x86