CRAN Package Check Results for Package rayshader

Last updated on 2019-09-15 01:47:03 CEST.

Flavor Version Tinstall Tcheck Ttotal Status Flags
r-devel-linux-x86_64-debian-clang 0.11.5 90.77 68.95 159.72 WARN
r-devel-linux-x86_64-debian-gcc 0.11.5 72.11 53.99 126.10 WARN
r-devel-linux-x86_64-fedora-clang 0.11.5 231.93 WARN
r-devel-linux-x86_64-fedora-gcc 0.11.5 219.81 WARN
r-devel-windows-ix86+x86_64 0.11.5 222.00 177.00 399.00 WARN
r-patched-linux-x86_64 0.11.5 77.72 66.77 144.49 OK
r-patched-solaris-x86 0.11.5 256.80 NOTE
r-release-linux-x86_64 0.11.5 86.47 67.55 154.02 OK
r-release-windows-ix86+x86_64 0.11.5 147.00 121.00 268.00 OK
r-release-osx-x86_64 0.11.5 OK
r-oldrel-windows-ix86+x86_64 0.11.5 221.00 119.00 340.00 OK
r-oldrel-osx-x86_64 0.11.5 OK

Check Details

Version: 0.11.5
Check: whether package can be installed
Result: WARN
    Found the following significant warnings:
     interpolate_color.cpp:19:16: warning: expression result unused [-Wunused-value]
Flavors: r-devel-linux-x86_64-debian-clang, r-devel-linux-x86_64-fedora-clang

Version: 0.11.5
Check: whether package can be installed
Result: WARN
    Found the following significant warnings:
     interpolate_color.cpp:19:16: warning: left operand of comma operator has no effect [-Wunused-value]
     make_base_cpp.cpp:124:29: warning: value computed is not used [-Wunused-value]
Flavors: r-devel-linux-x86_64-debian-gcc, r-devel-linux-x86_64-fedora-gcc

Version: 0.11.5
Check: whether package can be installed
Result: WARN
    Found the following significant warnings:
     interpolate_color.cpp:19:18: warning: left operand of comma operator has no effect [-Wunused-value]
     make_base_cpp.cpp:124:29: warning: value computed is not used [-Wunused-value]
Flavor: r-devel-windows-ix86+x86_64

Version: 0.11.5
Check: package dependencies
Result: NOTE
    Package suggested but not available for checking: ‘av’
Flavor: r-patched-solaris-x86