CRAN Package Check Results for Package rayshader

Last updated on 2020-01-27 00:48:17 CET.

Flavor Version Tinstall Tcheck Ttotal Status Flags
r-devel-linux-x86_64-debian-clang 0.13.2 107.78 84.77 192.55 OK
r-devel-linux-x86_64-debian-gcc 0.13.7 67.77 61.70 129.47 OK
r-devel-linux-x86_64-fedora-clang 0.13.7 246.83 OK
r-devel-linux-x86_64-fedora-gcc 0.13.7 233.03 OK
r-devel-windows-ix86+x86_64 0.13.2 330.00 191.00 521.00 OK
r-devel-windows-ix86+x86_64-gcc8 0.13.2 308.00 169.00 477.00 OK
r-patched-linux-x86_64 0.13.2 82.08 76.84 158.92 OK
r-patched-solaris-x86 0.13.7 230.40 NOTE
r-release-linux-x86_64 0.13.2 82.05 75.38 157.43 OK
r-release-windows-ix86+x86_64 0.13.2 172.00 138.00 310.00 OK
r-release-osx-x86_64 0.13.2 WARN
r-oldrel-windows-ix86+x86_64 0.13.7 282.00 199.00 481.00 OK
r-oldrel-osx-x86_64 0.13.2 WARN

Check Details

Version: 0.13.7
Check: package dependencies
Result: NOTE
    Package suggested but not available for checking: ‘av’
Flavor: r-patched-solaris-x86

Version: 0.13.2
Check: whether package can be installed
Result: WARN
    Found the following significant warnings:
     Warning: 'rgl_init' failed, running with rgl.useNULL = TRUE
Flavors: r-release-osx-x86_64, r-oldrel-osx-x86_64

Version: 0.13.2
Check: dependencies in R code
Result: NOTE
    No protocol specified
Flavors: r-release-osx-x86_64, r-oldrel-osx-x86_64

Version: 0.13.2
Check: S3 generic/method consistency
Result: WARN
    No protocol specified
    See section ‘Generic functions and methods’ in the ‘Writing R
    Extensions’ manual.
Flavors: r-release-osx-x86_64, r-oldrel-osx-x86_64

Version: 0.13.2
Check: replacement functions
Result: WARN
    No protocol specified
    The argument of a replacement function which corresponds to the right
    hand side must be named ‘value’.
Flavors: r-release-osx-x86_64, r-oldrel-osx-x86_64

Version: 0.13.2
Check: foreign function calls
Result: NOTE
    No protocol specified
    See chapter ‘System and foreign language interfaces’ in the ‘Writing R
    Extensions’ manual.
Flavors: r-release-osx-x86_64, r-oldrel-osx-x86_64

Version: 0.13.2
Check: R code for possible problems
Result: NOTE
    No protocol specified
Flavors: r-release-osx-x86_64, r-oldrel-osx-x86_64

Version: 0.13.2
Check: for missing documentation entries
Result: WARN
    No protocol specified
    All user-level objects in a package should have documentation entries.
    See chapter ‘Writing R documentation files’ in the ‘Writing R
    Extensions’ manual.
Flavors: r-release-osx-x86_64, r-oldrel-osx-x86_64

Version: 0.13.2
Check: for code/documentation mismatches
Result: WARN
    No protocol specified
    No protocol specified
    No protocol specified
Flavors: r-release-osx-x86_64, r-oldrel-osx-x86_64

Version: 0.13.2
Check: Rd \usage sections
Result: NOTE
    No protocol specified
    The \usage entries for S3 methods should use the \method markup and not
    their full name.
    See chapter ‘Writing R documentation files’ in the ‘Writing R
    Extensions’ manual.
Flavors: r-release-osx-x86_64, r-oldrel-osx-x86_64