CRAN Package Check Results for Package ragg

Last updated on 2019-09-20 01:47:53 CEST.

Flavor Version Tinstall Tcheck Ttotal Status Flags
r-devel-linux-x86_64-debian-clang 0.1.3 38.50 17.90 56.40 OK
r-devel-linux-x86_64-debian-gcc 0.1.3 36.48 14.70 51.18 OK
r-devel-linux-x86_64-fedora-clang 0.1.3 88.25 NOTE
r-devel-linux-x86_64-fedora-gcc 0.1.3 87.04 OK
r-devel-windows-ix86+x86_64 0.1.3 119.00 53.00 172.00 NOTE
r-patched-linux-x86_64 0.1.3 34.02 17.93 51.95 OK
r-patched-solaris-x86 0.1.3 112.90 OK
r-release-linux-x86_64 0.1.3 33.54 18.03 51.57 OK
r-release-windows-ix86+x86_64 0.1.3 99.00 72.00 171.00 NOTE
r-release-osx-x86_64 0.1.3 NOTE
r-oldrel-windows-ix86+x86_64 0.1.3 94.00 60.00 154.00 NOTE
r-oldrel-osx-x86_64 0.1.3 NOTE

Check Details

Version: 0.1.3
Check: installed package size
Result: NOTE
     installed size is 5.2Mb
     sub-directories of 1Mb or more:
     libs 4.9Mb
Flavors: r-devel-linux-x86_64-fedora-clang, r-devel-windows-ix86+x86_64, r-release-windows-ix86+x86_64, r-release-osx-x86_64, r-oldrel-windows-ix86+x86_64, r-oldrel-osx-x86_64