CRAN Package Check Results for Package rabhit

Last updated on 2019-08-18 01:46:18 CEST.

Flavor Version Tinstall Tcheck Ttotal Status Flags
r-devel-linux-x86_64-debian-clang 0.1.1 15.50 255.74 271.24 OK
r-devel-linux-x86_64-debian-gcc 0.1.1 15.14 174.66 189.80 OK
r-devel-linux-x86_64-fedora-gcc 0.1.1 272.98 OK
r-devel-windows-ix86+x86_64 0.1.1 53.00 286.00 339.00 OK
r-patched-linux-x86_64 0.1.1 16.27 220.77 237.04 OK
r-patched-solaris-x86 0.1.1 358.90 WARN
r-release-linux-x86_64 0.1.1 16.85 218.73 235.58 OK
r-release-windows-ix86+x86_64 0.1.1 34.00 331.00 365.00 OK
r-release-osx-x86_64 0.1.1 WARN
r-oldrel-windows-ix86+x86_64 0.1.1 36.00 348.00 384.00 OK
r-oldrel-osx-x86_64 0.1.1 WARN

Check Details

Version: 0.1.1
Check: re-building of vignette outputs
Result: WARN
    Error(s) in re-building vignettes:
     ...
    --- re-building ‘RAbHIT-vignette.Rmd’ using rmarkdown
    Warning in engine$weave(file, quiet = quiet, encoding = enc) :
     Pandoc (>= 1.12.3) and/or pandoc-citeproc not available. Falling back to R Markdown v1.
    Loading required package: ggplot2
    Quitting from lines 285-287 (RAbHIT-vignette.Rmd)
    Error: processing vignette 'RAbHIT-vignette.Rmd' failed with diagnostics:
    there is no package called 'webshot'
    --- failed re-building ‘RAbHIT-vignette.Rmd’
    
    SUMMARY: processing the following file failed:
     ‘RAbHIT-vignette.Rmd’
    
    Error: Vignette re-building failed.
    Execution halted
Flavor: r-patched-solaris-x86

Version: 0.1.1
Check: re-building of vignette outputs
Result: WARN
    Error(s) in re-building vignettes:
     ...
    --- re-building ‘RAbHIT-vignette.Rmd’ using rmarkdown
    Warning in engine$weave(file, quiet = quiet, encoding = enc) :
     Pandoc (>= 1.12.3) and/or pandoc-citeproc not available. Falling back to R Markdown v1.
    Loading required package: ggplot2
    PhantomJS not found. You can install it with webshot::install_phantomjs(). If it is installed, please make sure the phantomjs executable can be found via the PATH variable.
    Warning in normalizePath(f2) :
     path[1]="webshot11ecc22868ec0.png": No such file or directory
    Warning in file(con, "rb") :
     cannot open file 'webshot11ecc22868ec0.png': No such file or directory
    Quitting from lines 285-287 (RAbHIT-vignette.Rmd)
    Error: processing vignette 'RAbHIT-vignette.Rmd' failed with diagnostics:
    cannot open the connection
    --- failed re-building ‘RAbHIT-vignette.Rmd’
    
    SUMMARY: processing the following file failed:
     ‘RAbHIT-vignette.Rmd’
    
    Error: Vignette re-building failed.
    Execution halted
Flavor: r-release-osx-x86_64

Version: 0.1.1
Check: re-building of vignette outputs
Result: WARN
    Error in re-building vignettes:
     ...
    Warning in engine$weave(file, quiet = quiet, encoding = enc) :
     Pandoc (>= 1.12.3) and/or pandoc-citeproc not available. Falling back to R Markdown v1.
    Loading required package: ggplot2
    PhantomJS not found. You can install it with webshot::install_phantomjs(). If it is installed, please make sure the phantomjs executable can be found via the PATH variable.
    Warning in normalizePath(f2) :
     path[1]="webshotaee2667e0478.png": No such file or directory
    Warning in file(con, "rb") :
     cannot open file 'webshotaee2667e0478.png': No such file or directory
    Quitting from lines 285-287 (RAbHIT-vignette.Rmd)
    Error: processing vignette 'RAbHIT-vignette.Rmd' failed with diagnostics:
    cannot open the connection
    Execution halted
Flavor: r-oldrel-osx-x86_64