CRAN Package Check Results for Package rLiDAR

Last updated on 2019-09-17 01:50:19 CEST.

Flavor Version Tinstall Tcheck Ttotal Status Flags
r-devel-linux-x86_64-debian-clang 0.1.1 14.38 115.66 130.04 OK
r-devel-linux-x86_64-debian-gcc 0.1.1 OK
r-devel-linux-x86_64-fedora-clang 0.1.1 156.73 OK
r-devel-linux-x86_64-fedora-gcc 0.1.1 166.32 OK
r-devel-windows-ix86+x86_64 0.1.1 54.00 184.00 238.00 OK
r-patched-linux-x86_64 0.1.1 12.80 116.17 128.97 OK
r-patched-solaris-x86 0.1.1 232.50 OK
r-release-linux-x86_64 0.1.1 16.02 117.15 133.17 OK
r-release-windows-ix86+x86_64 0.1.1 36.00 170.00 206.00 OK
r-release-osx-x86_64 0.1.1 WARN
r-oldrel-windows-ix86+x86_64 0.1.1 27.00 118.00 145.00 OK
r-oldrel-osx-x86_64 0.1.1 OK

Check Details

Version: 0.1.1
Check: whether package can be installed
Result: WARN
    Found the following significant warnings:
     Warning: 'rgl_init' failed, running with rgl.useNULL = TRUE
Flavor: r-release-osx-x86_64