CRAN Package Check Results for Package rLiDAR

Last updated on 2019-06-24 01:47:52 CEST.

Flavor Version Tinstall Tcheck Ttotal Status Flags
r-devel-linux-x86_64-debian-clang 0.1.1 15.32 115.72 131.04 OK
r-devel-linux-x86_64-debian-gcc 0.1.1 12.83 93.71 106.54 OK
r-devel-linux-x86_64-fedora-clang 0.1.1 162.69 OK
r-devel-linux-x86_64-fedora-gcc 0.1.1 152.22 OK
r-devel-windows-ix86+x86_64 0.1.1 44.00 131.00 175.00 OK
r-patched-linux-x86_64 0.1.1 13.95 115.51 129.46 OK
r-patched-solaris-x86 0.1.1 250.40 OK
r-release-linux-x86_64 0.1.1 12.87 117.20 130.07 OK
r-release-windows-ix86+x86_64 0.1.1 29.00 176.00 205.00 OK
r-release-osx-x86_64 0.1.1 WARN
r-oldrel-windows-ix86+x86_64 0.1.1 20.00 170.00 190.00 OK
r-oldrel-osx-x86_64 0.1.1 OK

Check Details

Version: 0.1.1
Check: whether package can be installed
Result: WARN
    Found the following significant warnings:
     Warning: 'rgl_init' failed, running with rgl.useNULL = TRUE
Flavor: r-release-osx-x86_64