CRAN Package Check Results for Package rChoiceDialogs

Last updated on 2019-08-20 01:48:16 CEST.

Flavor Version Tinstall Tcheck Ttotal Status Flags
r-devel-linux-x86_64-debian-clang 1.0.6 3.80 35.35 39.15 NOTE
r-devel-linux-x86_64-debian-gcc 1.0.6 2.91 28.44 31.35 NOTE
r-devel-linux-x86_64-fedora-clang 1.0.6 47.50 NOTE
r-devel-linux-x86_64-fedora-gcc 1.0.6 47.96 NOTE
r-devel-windows-ix86+x86_64 1.0.6 16.00 55.00 71.00 NOTE
r-patched-linux-x86_64 1.0.6 3.52 35.28 38.80 NOTE
r-patched-solaris-x86 1.0.6 77.20 NOTE
r-release-linux-x86_64 1.0.6 2.73 35.19 37.92 NOTE
r-release-windows-ix86+x86_64 1.0.6 7.00 64.00 71.00 NOTE
r-release-osx-x86_64 1.0.6 NOTE
r-oldrel-windows-ix86+x86_64 1.0.6 7.00 47.00 54.00 NOTE
r-oldrel-osx-x86_64 1.0.6 NOTE

Check Details

Version: 1.0.6
Check: DESCRIPTION meta-information
Result: NOTE
    Malformed Description field: should contain one or more complete sentences.
Flavors: r-devel-linux-x86_64-debian-clang, r-devel-linux-x86_64-debian-gcc, r-devel-linux-x86_64-fedora-clang, r-devel-linux-x86_64-fedora-gcc, r-devel-windows-ix86+x86_64, r-patched-linux-x86_64, r-patched-solaris-x86, r-release-linux-x86_64, r-release-windows-ix86+x86_64, r-release-osx-x86_64, r-oldrel-windows-ix86+x86_64, r-oldrel-osx-x86_64

Version: 1.0.6
Check: R code for possible problems
Result: NOTE
    .onAttach: no visible global function definition for
     'packageDescription'
    rselect.list: no visible global function definition for 'select.list'
    Undefined global functions or variables:
     packageDescription select.list
    Consider adding
     importFrom("utils", "packageDescription", "select.list")
    to your NAMESPACE file.
Flavors: r-devel-linux-x86_64-debian-clang, r-devel-linux-x86_64-debian-gcc, r-devel-linux-x86_64-fedora-clang, r-devel-linux-x86_64-fedora-gcc, r-devel-windows-ix86+x86_64, r-patched-linux-x86_64, r-patched-solaris-x86, r-release-linux-x86_64, r-release-windows-ix86+x86_64, r-release-osx-x86_64, r-oldrel-windows-ix86+x86_64, r-oldrel-osx-x86_64