CRAN Package Check Results for Package qualvar

Last updated on 2019-05-27 01:47:52 CEST.

Flavor Version Tinstall Tcheck Ttotal Status Flags
r-devel-linux-x86_64-debian-clang 0.2.0 1.59 29.74 31.33 OK
r-devel-linux-x86_64-debian-gcc 0.2.0 1.33 23.28 24.61 OK
r-devel-linux-x86_64-fedora-clang 0.2.0 37.60 OK
r-devel-linux-x86_64-fedora-gcc 0.2.0 36.24 OK
r-devel-windows-ix86+x86_64 0.2.0 4.00 62.00 66.00 OK
r-patched-linux-x86_64 0.2.0 OK
r-patched-solaris-x86 0.2.0 45.90 WARN
r-release-linux-x86_64 0.2.0 1.48 28.90 30.38 OK
r-release-windows-ix86+x86_64 0.2.0 6.00 58.00 64.00 OK
r-release-osx-x86_64 0.2.0 WARN
r-oldrel-windows-ix86+x86_64 0.2.0 4.00 44.00 48.00 OK
r-oldrel-osx-x86_64 0.2.0 WARN

Check Details

Version: 0.2.0
Check: re-building of vignette outputs
Result: WARN
    Error(s) in re-building vignettes:
     ...
    --- re-building ‘wilcox1973.Rmd’ using rmarkdown
    Warning in engine$weave(file, quiet = quiet, encoding = enc) :
     Pandoc (>= 1.12.3) and/or pandoc-citeproc not available. Falling back to R Markdown v1.
    Quitting from lines 92-106 (wilcox1973.Rmd)
    Error: processing vignette 'wilcox1973.Rmd' failed with diagnostics:
    there is no package called 'webshot'
    --- failed re-building ‘wilcox1973.Rmd’
    
    SUMMARY: processing the following file failed:
     ‘wilcox1973.Rmd’
    
    Error: Vignette re-building failed.
    Execution halted
Flavor: r-patched-solaris-x86

Version: 0.2.0
Check: re-building of vignette outputs
Result: WARN
    Error(s) in re-building vignettes:
     ...
    --- re-building ‘wilcox1973.Rmd’ using rmarkdown
    Warning in engine$weave(file, quiet = quiet, encoding = enc) :
     Pandoc (>= 1.12.3) and/or pandoc-citeproc not available. Falling back to R Markdown v1.
    Quitting from lines 92-106 (wilcox1973.Rmd)
    Error: processing vignette 'wilcox1973.Rmd' failed with diagnostics:
    cannot open the connection
    --- failed re-building ‘wilcox1973.Rmd’
    
    SUMMARY: processing the following file failed:
     ‘wilcox1973.Rmd’
    
    Error: Vignette re-building failed.
    Execution halted
Flavor: r-release-osx-x86_64

Version: 0.2.0
Check: re-building of vignette outputs
Result: WARN
    Error in re-building vignettes:
     ...
    Warning in engine$weave(file, quiet = quiet, encoding = enc) :
     Pandoc (>= 1.12.3) and/or pandoc-citeproc not available. Falling back to R Markdown v1.
    Quitting from lines 92-106 (wilcox1973.Rmd)
    Error: processing vignette 'wilcox1973.Rmd' failed with diagnostics:
    cannot open the connection
    Execution halted
Flavor: r-oldrel-osx-x86_64