CRAN Package Check Results for Package qqplotr

Last updated on 2019-09-17 01:50:18 CEST.

Flavor Version Tinstall Tcheck Ttotal Status Flags
r-devel-linux-x86_64-debian-clang 0.0.3 5.25 55.21 60.46 OK
r-devel-linux-x86_64-debian-gcc 0.0.3 OK
r-devel-linux-x86_64-fedora-clang 0.0.3 72.06 NOTE
r-devel-linux-x86_64-fedora-gcc 0.0.3 73.53 NOTE
r-devel-windows-ix86+x86_64 0.0.3 29.00 67.00 96.00 OK
r-patched-linux-x86_64 0.0.3 5.15 53.30 58.45 OK
r-patched-solaris-x86 0.0.3 109.20 NOTE
r-release-linux-x86_64 0.0.3 4.76 54.02 58.78 OK
r-release-windows-ix86+x86_64 0.0.3 11.00 71.00 82.00 OK
r-release-osx-x86_64 0.0.3 NOTE
r-oldrel-windows-ix86+x86_64 0.0.3 14.00 67.00 81.00 OK
r-oldrel-osx-x86_64 0.0.3 NOTE

Check Details

Version: 0.0.3
Check: dependencies in R code
Result: NOTE
    Namespaces in Imports field not imported from:
     ‘knitr’ ‘purrr’ ‘rmarkdown’
     All declared Imports should be used.
Flavors: r-devel-linux-x86_64-fedora-clang, r-devel-linux-x86_64-fedora-gcc, r-patched-solaris-x86, r-release-osx-x86_64, r-oldrel-osx-x86_64