CRAN Package Check Results for Package qqplotr

Last updated on 2019-06-19 01:47:15 CEST.

Flavor Version Tinstall Tcheck Ttotal Status Flags
r-devel-linux-x86_64-debian-clang 0.0.3 5.25 55.48 60.73 OK
r-devel-linux-x86_64-debian-gcc 0.0.3 4.15 42.88 47.03 OK
r-devel-linux-x86_64-fedora-clang 0.0.3 71.67 NOTE
r-devel-linux-x86_64-fedora-gcc 0.0.3 69.78 NOTE
r-devel-windows-ix86+x86_64 0.0.3 22.00 100.00 122.00 OK
r-patched-linux-x86_64 0.0.3 4.82 53.45 58.27 OK
r-patched-solaris-x86 0.0.3 110.60 NOTE
r-release-linux-x86_64 0.0.3 5.43 53.03 58.46 OK
r-release-windows-ix86+x86_64 0.0.3 16.00 94.00 110.00 OK
r-release-osx-x86_64 0.0.3 NOTE
r-oldrel-windows-ix86+x86_64 0.0.3 8.00 96.00 104.00 OK
r-oldrel-osx-x86_64 0.0.3 NOTE

Check Details

Version: 0.0.3
Check: dependencies in R code
Result: NOTE
    Namespaces in Imports field not imported from:
     ‘knitr’ ‘purrr’ ‘rmarkdown’
     All declared Imports should be used.
Flavors: r-devel-linux-x86_64-fedora-clang, r-devel-linux-x86_64-fedora-gcc, r-patched-solaris-x86, r-release-osx-x86_64, r-oldrel-osx-x86_64