Last updated on 2019-12-05 00:52:06 CET.
Flavor | Version | Tinstall | Tcheck | Ttotal | Status | Flags |
---|---|---|---|---|---|---|
r-devel-linux-x86_64-debian-clang | 0.9.7 | 7.53 | 103.46 | 110.99 | OK | |
r-devel-linux-x86_64-debian-gcc | 0.9.7 | 7.07 | 77.89 | 84.96 | OK | |
r-devel-linux-x86_64-fedora-clang | 0.9.7 | 123.59 | NOTE | |||
r-devel-linux-x86_64-fedora-gcc | 0.9.7 | 122.66 | NOTE | |||
r-devel-windows-ix86+x86_64 | 0.9.7 | 15.00 | 145.00 | 160.00 | OK | |
r-devel-windows-ix86+x86_64-gcc8 | 0.9.7 | 16.00 | 152.00 | 168.00 | OK | |
r-patched-linux-x86_64 | 0.9.7 | 6.81 | 91.09 | 97.90 | OK | |
r-patched-solaris-x86 | 0.9.7 | 192.90 | NOTE | |||
r-release-linux-x86_64 | 0.9.7 | 7.47 | 95.61 | 103.08 | OK | |
r-release-windows-ix86+x86_64 | 0.9.7 | 20.00 | 111.00 | 131.00 | OK | |
r-release-osx-x86_64 | 0.9.7 | NOTE | ||||
r-oldrel-windows-ix86+x86_64 | 0.9.7 | 7.00 | 97.00 | 104.00 | OK | |
r-oldrel-osx-x86_64 | 0.9.7 | NOTE |
Version: 0.9.7
Check: data for non-ASCII characters
Result: NOTE
Note: found 76102 marked UTF-8 strings
Flavors: r-devel-linux-x86_64-fedora-clang, r-devel-linux-x86_64-fedora-gcc, r-patched-solaris-x86, r-release-osx-x86_64, r-oldrel-osx-x86_64