CRAN Package Check Results for Package provSummarizeR

Last updated on 2019-05-22 01:46:43 CEST.

Flavor Version Tinstall Tcheck Ttotal Status Flags
r-devel-linux-x86_64-debian-clang 1.0 1.77 26.69 28.46 NOTE
r-devel-linux-x86_64-debian-gcc 1.0 1.42 21.49 22.91 NOTE
r-devel-linux-x86_64-fedora-clang 1.0 34.88 NOTE
r-devel-linux-x86_64-fedora-gcc 1.0 32.34 NOTE
r-devel-windows-ix86+x86_64 1.0 5.00 47.00 52.00 NOTE
r-patched-linux-x86_64 1.0 1.59 26.54 28.13 NOTE
r-patched-solaris-x86 1.0 44.50 NOTE
r-release-linux-x86_64 1.0 1.63 26.58 28.21 NOTE
r-release-windows-ix86+x86_64 1.0 8.00 37.00 45.00 NOTE
r-release-osx-x86_64 1.0 NOTE
r-oldrel-windows-ix86+x86_64 1.0 3.00 34.00 37.00 NOTE
r-oldrel-osx-x86_64 1.0 NOTE

Check Details

Version: 1.0
Check: package dependencies
Result: NOTE
    Package suggested but not available for checking: 'rdt'
Flavors: r-devel-linux-x86_64-debian-clang, r-devel-linux-x86_64-debian-gcc, r-devel-linux-x86_64-fedora-clang, r-devel-linux-x86_64-fedora-gcc, r-devel-windows-ix86+x86_64, r-patched-linux-x86_64, r-patched-solaris-x86, r-release-linux-x86_64, r-release-windows-ix86+x86_64, r-release-osx-x86_64, r-oldrel-windows-ix86+x86_64, r-oldrel-osx-x86_64