CRAN Package Check Results for Package provSummarizeR

Last updated on 2019-08-17 02:47:44 CEST.

Flavor Version Tinstall Tcheck Ttotal Status Flags
r-devel-linux-x86_64-debian-clang 1.1 2.12 27.92 30.04 NOTE
r-devel-linux-x86_64-debian-gcc 1.1 1.76 22.59 24.35 NOTE
r-devel-linux-x86_64-fedora-clang 1.1 36.15 NOTE
r-devel-linux-x86_64-fedora-gcc 1.1 34.40 NOTE
r-devel-windows-ix86+x86_64 1.1 6.00 32.00 38.00 NOTE
r-patched-linux-x86_64 1.1 1.65 27.53 29.18 NOTE
r-patched-solaris-x86 1.1 46.90 NOTE
r-release-linux-x86_64 1.1 1.63 28.00 29.63 NOTE
r-release-windows-ix86+x86_64 1.1 9.00 46.00 55.00 NOTE
r-release-osx-x86_64 1.1 NOTE
r-oldrel-windows-ix86+x86_64 1.1 7.00 48.00 55.00 NOTE
r-oldrel-osx-x86_64 1.1 NOTE

Check Details

Version: 1.1
Check: package dependencies
Result: NOTE
    Package suggested but not available for checking: 'rdt'
Flavors: r-devel-linux-x86_64-debian-clang, r-devel-linux-x86_64-debian-gcc, r-devel-linux-x86_64-fedora-clang, r-devel-linux-x86_64-fedora-gcc, r-devel-windows-ix86+x86_64, r-patched-linux-x86_64, r-patched-solaris-x86, r-release-linux-x86_64, r-release-windows-ix86+x86_64, r-release-osx-x86_64, r-oldrel-windows-ix86+x86_64, r-oldrel-osx-x86_64