CRAN Package Check Results for Package proteomics

Last updated on 2019-09-20 01:47:52 CEST.

Flavor Version Tinstall Tcheck Ttotal Status Flags
r-devel-linux-x86_64-debian-clang 0.2 3.91 34.79 38.70 NOTE
r-devel-linux-x86_64-debian-gcc 0.2 3.26 27.82 31.08 NOTE
r-devel-linux-x86_64-fedora-clang 0.2 47.70 NOTE
r-devel-linux-x86_64-fedora-gcc 0.2 46.91 NOTE
r-devel-windows-ix86+x86_64 0.2 24.00 49.00 73.00 NOTE
r-patched-linux-x86_64 0.2 3.82 33.93 37.75 NOTE
r-patched-solaris-x86 0.2 82.30 NOTE
r-release-linux-x86_64 0.2 3.61 34.00 37.61 NOTE
r-release-windows-ix86+x86_64 0.2 13.00 73.00 86.00 NOTE
r-release-osx-x86_64 0.2 NOTE
r-oldrel-windows-ix86+x86_64 0.2 8.00 59.00 67.00 NOTE
r-oldrel-osx-x86_64 0.2 NOTE

Check Details

Version: 0.2
Check: R code for possible problems
Result: NOTE
    addIonSatistics: no visible binding for global variable 'median'
    adjustOne: no visible binding for global variable 'median'
    attachModifications: no visible global function definition for
     'na.omit'
    avrgLoadingCalculation: no visible binding for global variable 'median'
    channelResponses : estimate: no visible binding for global variable
     'var'
    responseStatisics : func: no visible global function definition for
     'aggregate'
    testing: no visible global function definition for 'aov'
    testingOneshot: no visible global function definition for 'anova'
    testingTukey: no visible global function definition for 'TukeyHSD'
    Undefined global functions or variables:
     TukeyHSD aggregate anova aov median na.omit var
    Consider adding
     importFrom("stats", "TukeyHSD", "aggregate", "anova", "aov", "median",
     "na.omit", "var")
    to your NAMESPACE file.
Flavors: r-devel-linux-x86_64-debian-clang, r-devel-linux-x86_64-debian-gcc, r-devel-linux-x86_64-fedora-clang, r-devel-linux-x86_64-fedora-gcc, r-devel-windows-ix86+x86_64, r-patched-linux-x86_64, r-patched-solaris-x86, r-release-linux-x86_64, r-release-windows-ix86+x86_64, r-release-osx-x86_64, r-oldrel-windows-ix86+x86_64, r-oldrel-osx-x86_64