CRAN Package Check Results for Package processx

Last updated on 2019-07-16 01:50:33 CEST.

Flavor Version Tinstall Tcheck Ttotal Status Flags
r-devel-linux-x86_64-debian-clang 3.4.0 7.96 41.81 49.77 OK
r-devel-linux-x86_64-debian-gcc 3.4.0 6.20 35.91 42.11 OK
r-devel-linux-x86_64-fedora-clang 3.4.0 63.55 OK
r-devel-linux-x86_64-fedora-gcc 3.4.0 58.30 OK
r-devel-windows-ix86+x86_64 3.4.0 104.00 103.00 207.00 OK
r-patched-linux-x86_64 3.4.0 6.91 42.61 49.52 OK
r-patched-solaris-x86 3.4.0 103.80 WARN
r-release-linux-x86_64 3.4.0 6.62 43.96 50.58 OK
r-release-windows-ix86+x86_64 3.4.0 54.00 132.00 186.00 OK
r-release-osx-x86_64 3.4.0 OK
r-oldrel-windows-ix86+x86_64 3.4.0 68.00 135.00 203.00 OK
r-oldrel-osx-x86_64 3.4.0 OK

Check Details

Version: 3.4.0
Check: for unstated dependencies in ‘tests’
Result: WARN
    Warning in deparse(e[[2L]]) :
     it is not known that wchar_t is Unicode on this platform
    Warning in deparse(e[[2L]]) :
     it is not known that wchar_t is Unicode on this platform
    Warning in deparse(e[[2L]]) :
     it is not known that wchar_t is Unicode on this platform
    Warning in deparse(e[[2L]]) :
     it is not known that wchar_t is Unicode on this platform
Flavor: r-patched-solaris-x86