CRAN Package Check Results for Package processR

Last updated on 2019-10-21 02:46:39 CEST.

Flavor Version Tinstall Tcheck Ttotal Status Flags
r-devel-linux-x86_64-debian-clang 0.1.0 17.24 124.98 142.22 OK
r-devel-linux-x86_64-debian-gcc 0.1.0 14.72 95.64 110.36 OK
r-devel-linux-x86_64-fedora-clang 0.1.0 167.31 NOTE
r-devel-linux-x86_64-fedora-gcc 0.1.0 163.68 NOTE
r-devel-windows-ix86+x86_64 0.1.0 43.00 200.00 243.00 OK
r-patched-linux-x86_64 0.1.0 17.59 119.78 137.37 OK
r-patched-solaris-x86 0.1.0 242.00 NOTE
r-release-linux-x86_64 0.1.0 16.07 121.28 137.35 OK
r-release-windows-ix86+x86_64 0.1.0 68.00 207.00 275.00 OK
r-release-osx-x86_64 0.1.0 NOTE
r-oldrel-windows-ix86+x86_64 0.1.0 25.00 134.00 159.00 OK
r-oldrel-osx-x86_64 0.1.0 NOTE

Check Details

Version: 0.1.0
Check: dependencies in R code
Result: NOTE
    Namespaces in Imports field not imported from:
     ‘TH.data’ ‘jtools’ ‘modelr’ ‘prediction’ ‘rlang’ ‘tidyr’
     All declared Imports should be used.
Flavors: r-devel-linux-x86_64-fedora-clang, r-devel-linux-x86_64-fedora-gcc, r-patched-solaris-x86, r-release-osx-x86_64, r-oldrel-osx-x86_64