CRAN Package Check Results for Package processR

Last updated on 2019-07-19 01:47:23 CEST.

Flavor Version Tinstall Tcheck Ttotal Status Flags
r-devel-linux-x86_64-debian-clang 0.1.0 15.93 124.08 140.01 OK
r-devel-linux-x86_64-debian-gcc 0.1.0 14.91 97.67 112.58 OK
r-devel-linux-x86_64-fedora-clang 0.1.0 175.64 NOTE
r-devel-linux-x86_64-fedora-gcc 0.1.0 161.18 NOTE
r-devel-windows-ix86+x86_64 0.1.0 55.00 207.00 262.00 OK
r-patched-linux-x86_64 0.1.0 17.85 121.83 139.68 OK
r-patched-solaris-x86 0.1.0 254.20 NOTE
r-release-linux-x86_64 0.1.0 15.38 121.28 136.66 OK
r-release-windows-ix86+x86_64 0.1.0 34.00 135.00 169.00 OK
r-release-osx-x86_64 0.1.0 NOTE
r-oldrel-windows-ix86+x86_64 0.1.0 27.00 226.00 253.00 OK
r-oldrel-osx-x86_64 0.1.0 NOTE

Check Details

Version: 0.1.0
Check: dependencies in R code
Result: NOTE
    Namespaces in Imports field not imported from:
     ‘TH.data’ ‘jtools’ ‘modelr’ ‘prediction’ ‘rlang’ ‘tidyr’
     All declared Imports should be used.
Flavors: r-devel-linux-x86_64-fedora-clang, r-devel-linux-x86_64-fedora-gcc, r-patched-solaris-x86, r-release-osx-x86_64, r-oldrel-osx-x86_64