CRAN Package Check Results for Package praznik

Last updated on 2019-05-24 01:47:31 CEST.

Flavor Version Tinstall Tcheck Ttotal Status Flags
r-devel-linux-x86_64-debian-clang 5.0.0 3.84 33.01 36.85 WARN
r-devel-linux-x86_64-debian-gcc 5.0.0 3.62 25.33 28.95 OK
r-devel-linux-x86_64-fedora-clang 5.0.0 42.53 WARN
r-devel-linux-x86_64-fedora-gcc 5.0.0 40.89 OK
r-devel-windows-ix86+x86_64 5.0.0 12.00 51.00 63.00 OK
r-patched-linux-x86_64 5.0.0 4.60 30.86 35.46 OK
r-patched-solaris-x86 5.0.0 57.20 OK
r-release-linux-x86_64 5.0.0 4.21 29.68 33.89 OK
r-release-windows-ix86+x86_64 5.0.0 15.00 51.00 66.00 OK
r-release-osx-x86_64 5.0.0 WARN
r-oldrel-windows-ix86+x86_64 5.0.0 10.00 49.00 59.00 OK
r-oldrel-osx-x86_64 5.0.0 WARN

Check Details

Version: 5.0.0
Check: whether package can be installed
Result: WARN
    Found the following significant warnings:
     ./shared.h:67:9: warning: result of comparison of constant 2147483648 with expression of type 'int' is always false [-Wtautological-constant-out-of-range-compare]
Flavors: r-devel-linux-x86_64-debian-clang, r-devel-linux-x86_64-fedora-clang, r-release-osx-x86_64, r-oldrel-osx-x86_64