CRAN Package Check Results for Package popkin

Last updated on 2019-08-25 01:47:23 CEST.

Flavor Version Tinstall Tcheck Ttotal Status Flags
r-devel-linux-x86_64-debian-clang 1.2.2 21.15 32.85 54.00 OK
r-devel-linux-x86_64-debian-gcc 1.2.2 16.95 26.34 43.29 OK
r-devel-linux-x86_64-fedora-clang 1.2.2 74.71 OK
r-devel-linux-x86_64-fedora-gcc 1.2.2 72.61 OK
r-devel-windows-ix86+x86_64 1.2.2 42.00 81.00 123.00 OK
r-patched-linux-x86_64 1.2.2 22.50 32.43 54.93 OK
r-patched-solaris-x86 1.2.2 84.90 OK
r-release-linux-x86_64 1.2.2 18.26 32.23 50.49 OK
r-release-windows-ix86+x86_64 1.2.2 51.00 105.00 156.00 OK
r-release-osx-x86_64 1.2.2 NOTE
r-oldrel-windows-ix86+x86_64 1.2.2 57.00 105.00 162.00 OK
r-oldrel-osx-x86_64 1.2.2 OK

Check Details

Version: 1.2.2
Check: package dependencies
Result: NOTE
    Package suggested but not available for checking: ‘lfa’
Flavor: r-release-osx-x86_64