CRAN Package Check Results for Package plsr

Last updated on 2019-07-22 01:46:27 CEST.

Flavor Version Tinstall Tcheck Ttotal Status Flags
r-devel-linux-x86_64-debian-clang 0.0.1 2.62 33.25 35.87 NOTE
r-devel-linux-x86_64-debian-gcc 0.0.1 2.34 25.33 27.67 NOTE
r-devel-linux-x86_64-fedora-clang 0.0.1 42.52 OK
r-devel-linux-x86_64-fedora-gcc 0.0.1 40.73 OK
r-devel-windows-ix86+x86_64 0.0.1 6.00 60.00 66.00 NOTE
r-patched-linux-x86_64 0.0.1 2.83 32.13 34.96 OK
r-patched-solaris-x86 0.0.1 68.20 OK
r-release-linux-x86_64 0.0.1 2.53 31.72 34.25 OK
r-release-windows-ix86+x86_64 0.0.1 6.00 40.00 46.00 OK
r-release-osx-x86_64 0.0.1 OK
r-oldrel-windows-ix86+x86_64 0.0.1 7.00 69.00 76.00 OK
r-oldrel-osx-x86_64 0.0.1 OK

Check Details

Version: 0.0.1
Check: package vignettes
Result: NOTE
    Package vignette with placeholder title 'Vignette Title':
     'introduction.Rmd'
Flavors: r-devel-linux-x86_64-debian-clang, r-devel-linux-x86_64-debian-gcc, r-devel-windows-ix86+x86_64