CRAN Package Check Results for Package plsr

Last updated on 2019-11-12 00:52:52 CET.

Flavor Version Tinstall Tcheck Ttotal Status Flags
r-devel-linux-x86_64-debian-clang 0.0.1 2.98 33.10 36.08 NOTE
r-devel-linux-x86_64-debian-gcc 0.0.1 2.49 25.07 27.56 NOTE
r-devel-linux-x86_64-fedora-clang 0.0.1 42.46 OK
r-devel-linux-x86_64-fedora-gcc 0.0.1 42.91 OK
r-devel-windows-ix86+x86_64 0.0.1 9.00 48.00 57.00 NOTE
r-patched-linux-x86_64 0.0.1 2.63 31.85 34.48 OK
r-patched-solaris-x86 0.0.1 65.10 OK
r-release-linux-x86_64 0.0.1 2.55 32.27 34.82 OK
r-release-windows-ix86+x86_64 0.0.1 11.00 47.00 58.00 OK
r-release-osx-x86_64 0.0.1 OK
r-oldrel-windows-ix86+x86_64 0.0.1 7.00 54.00 61.00 OK
r-oldrel-osx-x86_64 0.0.1 OK

Check Details

Version: 0.0.1
Check: package vignettes
Result: NOTE
    Package vignette with placeholder title 'Vignette Title':
     'introduction.Rmd'
Flavors: r-devel-linux-x86_64-debian-clang, r-devel-linux-x86_64-debian-gcc, r-devel-windows-ix86+x86_64