CRAN Package Check Results for Package plsRcox

Last updated on 2019-09-20 01:47:52 CEST.

Flavor Version Tinstall Tcheck Ttotal Status Flags
r-devel-linux-x86_64-debian-clang 1.7.4 25.26 196.51 221.77 OK
r-devel-linux-x86_64-debian-gcc 1.7.4 21.50 151.05 172.55 OK
r-devel-linux-x86_64-fedora-clang 1.7.4 289.53 OK
r-devel-linux-x86_64-fedora-gcc 1.7.4 270.52 OK
r-devel-windows-ix86+x86_64 1.7.4 75.00 275.00 350.00 OK
r-patched-linux-x86_64 1.7.4 25.10 187.40 212.50 OK
r-patched-solaris-x86 1.7.4 400.60 OK
r-release-linux-x86_64 1.7.4 22.24 193.09 215.33 OK
r-release-windows-ix86+x86_64 1.7.4 53.00 303.00 356.00 OK
r-release-osx-x86_64 1.7.4 ERROR
r-oldrel-windows-ix86+x86_64 1.7.4 31.00 209.00 240.00 OK
r-oldrel-osx-x86_64 1.7.4 OK

Check Details

Version: 1.7.4
Check: package dependencies
Result: ERROR
    Packages required but not available: 'mixOmics', 'survcomp'
    
    See section ‘The DESCRIPTION file’ in the ‘Writing R Extensions’
    manual.
Flavor: r-release-osx-x86_64