CRAN Package Check Results for Package plfm

Last updated on 2020-01-27 00:48:11 CET.

Flavor Version Tinstall Tcheck Ttotal Status Flags
r-devel-linux-x86_64-debian-clang 2.2.2 22.00 57.85 79.85 OK
r-devel-linux-x86_64-debian-gcc 2.2.2 0.36 1.63 1.99 ERROR
r-devel-linux-x86_64-fedora-clang 2.2.2 106.70 OK
r-devel-linux-x86_64-fedora-gcc 2.2.2 95.52 OK
r-devel-windows-ix86+x86_64 2.2.2 55.00 113.00 168.00 OK
r-devel-windows-ix86+x86_64-gcc8 2.2.2 51.00 109.00 160.00 OK
r-patched-linux-x86_64 2.2.2 17.03 50.99 68.02 OK
r-patched-solaris-x86 2.2.2 108.90 OK
r-release-linux-x86_64 2.2.2 17.64 51.24 68.88 OK
r-release-windows-ix86+x86_64 2.2.2 37.00 85.00 122.00 OK
r-release-osx-x86_64 2.2.2 OK
r-oldrel-windows-ix86+x86_64 2.2.2 34.00 96.00 130.00 OK
r-oldrel-osx-x86_64 2.2.2 OK

Check Details

Version: 2.2.2
Check: package dependencies
Result: ERROR
    Package required but not available: ‘sfsmisc’
    
    See section ‘The DESCRIPTION file’ in the ‘Writing R Extensions’
    manual.
Flavor: r-devel-linux-x86_64-debian-gcc