CRAN Package Check Results for Package platetools

Last updated on 2019-12-11 00:49:28 CET.

Flavor Version Tinstall Tcheck Ttotal Status Flags
r-devel-linux-x86_64-debian-clang 0.1.2 4.48 62.76 67.24 OK
r-devel-linux-x86_64-debian-gcc 0.1.2 3.67 46.94 50.61 OK
r-devel-linux-x86_64-fedora-clang 0.1.2 77.95 OK
r-devel-linux-x86_64-fedora-gcc 0.1.2 75.42 OK
r-devel-windows-ix86+x86_64 0.1.2 10.00 105.00 115.00 OK
r-devel-windows-ix86+x86_64-gcc8 0.1.2 12.00 103.00 115.00 OK
r-patched-linux-x86_64 0.1.2 3.91 54.99 58.90 OK
r-patched-solaris-x86 0.1.2 96.20 OK
r-release-linux-x86_64 0.1.2 3.99 56.90 60.89 OK
r-release-windows-ix86+x86_64 0.1.2 11.00 68.00 79.00 OK
r-release-osx-x86_64 0.1.2 NOTE
r-oldrel-windows-ix86+x86_64 0.1.2 6.00 75.00 81.00 OK
r-oldrel-osx-x86_64 0.1.2 OK

Check Details

Version: 0.1.2
Check: Rd cross-references
Result: NOTE
    Package unavailable to check Rd xrefs: ‘S4Vectors’
Flavor: r-release-osx-x86_64