CRAN Package Check Results for Package platetools

Last updated on 2019-08-20 01:48:14 CEST.

Flavor Version Tinstall Tcheck Ttotal Status Flags
r-devel-linux-x86_64-debian-clang 0.1.2 3.91 57.03 60.94 OK
r-devel-linux-x86_64-debian-gcc 0.1.2 3.68 43.63 47.31 OK
r-devel-linux-x86_64-fedora-clang 0.1.2 70.15 OK
r-devel-linux-x86_64-fedora-gcc 0.1.2 70.38 OK
r-devel-windows-ix86+x86_64 0.1.2 17.00 76.00 93.00 OK
r-patched-linux-x86_64 0.1.2 4.25 55.49 59.74 OK
r-patched-solaris-x86 0.1.2 99.70 OK
r-release-linux-x86_64 0.1.2 4.41 55.22 59.63 OK
r-release-windows-ix86+x86_64 0.1.2 12.00 69.00 81.00 OK
r-release-osx-x86_64 0.1.2 NOTE
r-oldrel-windows-ix86+x86_64 0.1.2 12.00 99.00 111.00 OK
r-oldrel-osx-x86_64 0.1.2 OK

Check Details

Version: 0.1.2
Check: Rd cross-references
Result: NOTE
    Package unavailable to check Rd xrefs: ‘S4Vectors’
Flavor: r-release-osx-x86_64