CRAN Package Check Results for Package pkgmaker

Last updated on 2019-05-25 01:52:50 CEST.

Flavor Version Tinstall Tcheck Ttotal Status Flags
r-devel-linux-x86_64-debian-clang 0.27 7.94 50.68 58.62 OK
r-devel-linux-x86_64-debian-gcc 0.27 7.05 39.52 46.57 OK
r-devel-linux-x86_64-fedora-clang 0.27 73.23 NOTE
r-devel-linux-x86_64-fedora-gcc 0.27 70.50 NOTE
r-devel-windows-ix86+x86_64 0.27 12.00 75.00 87.00 OK
r-patched-linux-x86_64 0.27 OK
r-patched-solaris-x86 0.27 98.30 NOTE
r-release-linux-x86_64 0.27 9.41 50.85 60.26 OK
r-release-windows-ix86+x86_64 0.27 18.00 92.00 110.00 OK
r-release-osx-x86_64 0.27 NOTE
r-oldrel-windows-ix86+x86_64 0.27 18.00 111.00 129.00 OK
r-oldrel-osx-x86_64 0.27 NOTE

Check Details

Version: 0.27
Check: dependencies in R code
Result: NOTE
    Namespaces in Imports field not imported from:
     ‘magrittr’ ‘stringi’
     All declared Imports should be used.
Flavors: r-devel-linux-x86_64-fedora-clang, r-devel-linux-x86_64-fedora-gcc, r-patched-solaris-x86, r-release-osx-x86_64, r-oldrel-osx-x86_64

Version: 0.27
Check: package dependencies
Result: NOTE
    Package suggested but not available for checking: ‘Biobase’
Flavor: r-release-osx-x86_64