CRAN Package Check Results for Package pid

Last updated on 2019-06-25 01:49:08 CEST.

Flavor Version Tinstall Tcheck Ttotal Status Flags
r-devel-linux-x86_64-debian-clang 0.50 4.93 54.92 59.85 OK
r-devel-linux-x86_64-debian-gcc 0.50 3.83 42.51 46.34 OK
r-devel-linux-x86_64-fedora-clang 0.50 70.20 NOTE
r-devel-linux-x86_64-fedora-gcc 0.50 66.10 NOTE
r-devel-windows-ix86+x86_64 0.50 24.00 70.00 94.00 OK
r-patched-linux-x86_64 0.50 5.31 53.01 58.32 OK
r-patched-solaris-x86 0.50 123.20 NOTE
r-release-linux-x86_64 0.50 4.80 53.86 58.66 OK
r-release-windows-ix86+x86_64 0.50 13.00 78.00 91.00 OK
r-release-osx-x86_64 0.50 NOTE
r-oldrel-windows-ix86+x86_64 0.50 8.00 64.00 72.00 OK
r-oldrel-osx-x86_64 0.50 NOTE

Check Details

Version: 0.50
Check: dependencies in R code
Result: NOTE
    Namespace in Imports field not imported from: ‘FrF2.catlg128’
     All declared Imports should be used.
Flavors: r-devel-linux-x86_64-fedora-clang, r-devel-linux-x86_64-fedora-gcc, r-patched-solaris-x86, r-release-osx-x86_64, r-oldrel-osx-x86_64