CRAN Package Check Results for Package pid

Last updated on 2019-09-15 01:47:01 CEST.

Flavor Version Tinstall Tcheck Ttotal Status Flags
r-devel-linux-x86_64-debian-clang 0.50 5.22 55.63 60.85 OK
r-devel-linux-x86_64-debian-gcc 0.50 4.24 43.35 47.59 OK
r-devel-linux-x86_64-fedora-clang 0.50 69.04 NOTE
r-devel-linux-x86_64-fedora-gcc 0.50 69.67 NOTE
r-devel-windows-ix86+x86_64 0.50 25.00 78.00 103.00 OK
r-patched-linux-x86_64 0.50 4.91 53.42 58.33 OK
r-patched-solaris-x86 0.50 112.90 NOTE
r-release-linux-x86_64 0.50 4.93 54.13 59.06 OK
r-release-windows-ix86+x86_64 0.50 15.00 108.00 123.00 OK
r-release-osx-x86_64 0.50 NOTE
r-oldrel-windows-ix86+x86_64 0.50 12.00 62.00 74.00 OK
r-oldrel-osx-x86_64 0.50 NOTE

Check Details

Version: 0.50
Check: dependencies in R code
Result: NOTE
    Namespace in Imports field not imported from: ‘FrF2.catlg128’
     All declared Imports should be used.
Flavors: r-devel-linux-x86_64-fedora-clang, r-devel-linux-x86_64-fedora-gcc, r-patched-solaris-x86, r-release-osx-x86_64, r-oldrel-osx-x86_64