CRAN Package Check Results for Package picasso

Last updated on 2019-08-18 01:46:16 CEST.

Flavor Version Tinstall Tcheck Ttotal Status Flags
r-devel-linux-x86_64-debian-clang 1.3.1 17.61 62.41 80.02 OK
r-devel-linux-x86_64-debian-gcc 1.3.1 13.98 51.47 65.45 OK
r-devel-linux-x86_64-fedora-gcc 1.3.1 102.14 OK
r-devel-windows-ix86+x86_64 1.3.1 48.00 111.00 159.00 OK
r-patched-linux-x86_64 1.3.1 16.51 63.28 79.79 OK
r-patched-solaris-x86 1.3.1 163.50 OK
r-release-linux-x86_64 1.3.1 15.95 62.80 78.75 OK
r-release-windows-ix86+x86_64 1.3.1 43.00 142.00 185.00 OK
r-release-osx-x86_64 1.3.1 NOTE
r-oldrel-windows-ix86+x86_64 1.3.1 38.00 135.00 173.00 OK
r-oldrel-osx-x86_64 1.3.1 NOTE

Check Details

Version: 1.3.1
Check: installed package size
Result: NOTE
     installed size is 6.2Mb
     sub-directories of 1Mb or more:
     libs 5.2Mb
Flavors: r-release-osx-x86_64, r-oldrel-osx-x86_64