CRAN Package Check Results for Package phybreak

Last updated on 2019-08-24 01:50:04 CEST.

Flavor Version Tinstall Tcheck Ttotal Status Flags
r-devel-linux-x86_64-debian-clang 0.2.0 78.51 131.41 209.92 NOTE
r-devel-linux-x86_64-debian-gcc 0.2.0 62.09 105.47 167.56 NOTE
r-devel-linux-x86_64-fedora-clang 0.2.0 291.64 NOTE
r-devel-linux-x86_64-fedora-gcc 0.2.0 274.42 NOTE
r-devel-windows-ix86+x86_64 0.2.0 157.00 207.00 364.00 OK
r-patched-linux-x86_64 0.2.0 67.26 129.61 196.87 NOTE
r-patched-solaris-x86 0.2.0 1689.80 NOTE
r-release-linux-x86_64 0.2.0 65.01 128.57 193.58 NOTE
r-release-windows-ix86+x86_64 0.2.0 206.00 283.00 489.00 OK
r-release-osx-x86_64 0.2.0 FAIL
r-oldrel-windows-ix86+x86_64 0.2.0 210.00 248.00 458.00 OK
r-oldrel-osx-x86_64 0.2.0 OK

Check Details

Version: 0.2.0
Check: package dependencies
Result: NOTE
    Package suggested but not available for checking: 'OutbreakTools'
Flavors: r-devel-linux-x86_64-debian-clang, r-devel-linux-x86_64-debian-gcc, r-devel-linux-x86_64-fedora-clang, r-devel-linux-x86_64-fedora-gcc, r-patched-linux-x86_64, r-patched-solaris-x86, r-release-linux-x86_64, r-release-osx-x86_64

Version: 0.2.0
Check: re-building of vignette outputs
Result: WARN
    Error(s) in re-building vignettes:
     ...
    --- re-building ‘phybreak_intro.Rmd’ using rmarkdown
    Warning in engine$weave(file, quiet = quiet, encoding = enc) :
     Pandoc (>= 1.12.3) and/or pandoc-citeproc not available. Falling back to R Markdown v1.
    
    Execution halted
Flavor: r-release-osx-x86_64

Version: 0.2.0
Check: PDF version of manual
Result: FAIL
    
Flavor: r-release-osx-x86_64