CRAN Package Check Results for Package phybreak

Last updated on 2019-05-24 01:47:30 CEST.

Flavor Version Tinstall Tcheck Ttotal Status Flags
r-devel-linux-x86_64-debian-clang 0.2.0 78.53 126.52 205.05 WARN
r-devel-linux-x86_64-debian-gcc 0.2.0 59.28 106.52 165.80 NOTE
r-devel-linux-x86_64-fedora-clang 0.2.0 334.61 NOTE
r-devel-linux-x86_64-fedora-gcc 0.2.0 297.85 NOTE
r-devel-windows-ix86+x86_64 0.2.0 164.00 218.00 382.00 OK
r-patched-linux-x86_64 0.2.0 67.80 132.04 199.84 NOTE
r-patched-solaris-x86 0.2.0 1644.60 NOTE
r-release-linux-x86_64 0.2.0 72.63 133.42 206.05 NOTE
r-release-windows-ix86+x86_64 0.2.0 194.00 271.00 465.00 OK
r-release-osx-x86_64 0.2.0 FAIL
r-oldrel-windows-ix86+x86_64 0.2.0 144.00 185.00 329.00 OK
r-oldrel-osx-x86_64 0.2.0 OK

Check Details

Version: 0.2.0
Check: package dependencies
Result: NOTE
    Package suggested but not available for checking: 'OutbreakTools'
Flavors: r-devel-linux-x86_64-debian-clang, r-devel-linux-x86_64-debian-gcc, r-devel-linux-x86_64-fedora-clang, r-devel-linux-x86_64-fedora-gcc, r-patched-linux-x86_64, r-patched-solaris-x86, r-release-linux-x86_64, r-release-osx-x86_64

Version: 0.2.0
Check: re-building of vignette outputs
Result: WARN
    Error(s) in re-building vignettes:
     ...
    --- re-building 'phybreak_intro.Rmd' using rmarkdown
    Quitting from lines 30-45 (phybreak_intro.Rmd)
    Error: processing vignette 'phybreak_intro.Rmd' failed with diagnostics:
    'names' attribute [11] must be the same length as the vector [10]
    --- failed re-building 'phybreak_intro.Rmd'
    
    SUMMARY: processing the following file failed:
     'phybreak_intro.Rmd'
    
    Error: Vignette re-building failed.
    Execution halted
Flavor: r-devel-linux-x86_64-debian-clang

Version: 0.2.0
Check: re-building of vignette outputs
Result: WARN
    Error(s) in re-building vignettes:
     ...
    --- re-building ‘phybreak_intro.Rmd’ using rmarkdown
    Warning in engine$weave(file, quiet = quiet, encoding = enc) :
     Pandoc (>= 1.12.3) and/or pandoc-citeproc not available. Falling back to R Markdown v1.
    
    Execution halted
Flavor: r-release-osx-x86_64

Version: 0.2.0
Check: PDF version of manual
Result: FAIL
    
Flavor: r-release-osx-x86_64