CRAN Package Check Results for Package photobiologyLamps

Last updated on 2019-06-24 01:47:48 CEST.

Flavor Version Tinstall Tcheck Ttotal Status Flags
r-devel-linux-x86_64-debian-clang 0.4.3 2.74 34.17 36.91 OK
r-devel-linux-x86_64-debian-gcc 0.4.3 2.03 27.37 29.40 OK
r-devel-linux-x86_64-fedora-clang 0.4.3 44.37 NOTE
r-devel-linux-x86_64-fedora-gcc 0.4.3 42.41 NOTE
r-devel-windows-ix86+x86_64 0.4.3 13.00 50.00 63.00 OK
r-patched-linux-x86_64 0.4.3 2.65 34.18 36.83 OK
r-patched-solaris-x86 0.4.3 65.30 NOTE
r-release-linux-x86_64 0.4.3 2.83 33.85 36.68 OK
r-release-windows-ix86+x86_64 0.4.3 6.00 54.00 60.00 OK
r-release-osx-x86_64 0.4.3 NOTE
r-oldrel-windows-ix86+x86_64 0.4.3 4.00 88.00 92.00 OK
r-oldrel-osx-x86_64 0.4.3 NOTE

Check Details

Version: 0.4.3
Check: data for non-ASCII characters
Result: NOTE
     Note: found 1 marked Latin-1 string
Flavors: r-devel-linux-x86_64-fedora-clang, r-devel-linux-x86_64-fedora-gcc, r-patched-solaris-x86, r-release-osx-x86_64, r-oldrel-osx-x86_64