CRAN Package Check Results for Package phenocamr

Last updated on 2019-07-16 01:50:32 CEST.

Flavor Version Tinstall Tcheck Ttotal Status Flags
r-devel-linux-x86_64-debian-clang 1.1.3 2.92 119.67 122.59 ERROR
r-devel-linux-x86_64-debian-gcc 1.1.3 2.50 94.74 97.24 OK
r-devel-linux-x86_64-fedora-clang 1.1.3 81.68 ERROR
r-devel-linux-x86_64-fedora-gcc 1.1.3 147.66 ERROR
r-devel-windows-ix86+x86_64 1.1.3 11.00 212.00 223.00 OK
r-patched-linux-x86_64 1.1.3 2.42 121.01 123.43 ERROR
r-patched-solaris-x86 1.1.3 205.30 NOTE
r-release-linux-x86_64 1.1.3 3.03 120.01 123.04 ERROR
r-release-windows-ix86+x86_64 1.1.3 8.00 216.00 224.00 OK
r-release-osx-x86_64 1.1.3 NOTE
r-oldrel-windows-ix86+x86_64 1.1.3 9.00 171.00 180.00 OK
r-oldrel-osx-x86_64 1.1.3 NOTE

Check Details

Version: 1.1.3
Check: tests
Result: ERROR
     Running 'testthat.r' [40s/129s]
    Running the tests in 'tests/testthat.r' failed.
    Complete output:
     > # Run all unit tests
     >
     > # This is a wrapper around all the tests specified
     > # in the tests/testthat directory. These tests are visible
     > # to users and serve as small examples as well.
     > testthat::test_check("phenocamr")
     Loading required package: phenocamr
     -- 1. Error: check download options (@test_download_function.r#32) ------------
     $ operator is invalid for atomic vectors
     1: expect_message(download_phenocam(site = "bartlett$", veg_type = "DB", roi_id = "1000",
     frequency = 1, smooth = TRUE, outlier_detection = FALSE, phenophase = FALSE,
     daymet = TRUE, trim_daymet = TRUE, out_dir = tempdir())) at testthat/test_download_function.r:32
     2: quasi_capture(enquo(object), label, capture_messages)
     3: .capture(act$val <- eval_bare(get_expr(.quo), get_env(.quo)), ...)
     4: withCallingHandlers(code, message = function(condition) {
     out$push(condition)
     invokeRestart("muffleMessage")
     })
     5: eval_bare(get_expr(.quo), get_env(.quo))
     6: download_phenocam(site = "bartlett$", veg_type = "DB", roi_id = "1000", frequency = 1,
     smooth = TRUE, outlier_detection = FALSE, phenophase = FALSE, daymet = TRUE,
     trim_daymet = TRUE, out_dir = tempdir())
    
     == testthat results ===========================================================
     OK: 17 SKIPPED: 0 WARNINGS: 1 FAILED: 1
     1. Error: check download options (@test_download_function.r#32)
    
     Error: testthat unit tests failed
     Execution halted
Flavor: r-devel-linux-x86_64-debian-clang

Version: 1.1.3
Check: dependencies in R code
Result: NOTE
    Namespaces in Imports field not imported from:
     ‘jsonlite’ ‘memoise’
     All declared Imports should be used.
Flavors: r-devel-linux-x86_64-fedora-clang, r-devel-linux-x86_64-fedora-gcc, r-patched-solaris-x86, r-release-osx-x86_64, r-oldrel-osx-x86_64

Version: 1.1.3
Check: tests
Result: ERROR
     Running ‘testthat.r’ [26s/109s]
    Running the tests in ‘tests/testthat.r’ failed.
    Complete output:
     > # Run all unit tests
     >
     > # This is a wrapper around all the tests specified
     > # in the tests/testthat directory. These tests are visible
     > # to users and serve as small examples as well.
     > testthat::test_check("phenocamr")
     Loading required package: phenocamr
     ── 1. Error: check download options (@test_download_function.r#32) ────────────
     $ operator is invalid for atomic vectors
     1: expect_message(download_phenocam(site = "bartlett$", veg_type = "DB", roi_id = "1000",
     frequency = 1, smooth = TRUE, outlier_detection = FALSE, phenophase = FALSE,
     daymet = TRUE, trim_daymet = TRUE, out_dir = tempdir())) at testthat/test_download_function.r:32
     2: quasi_capture(enquo(object), label, capture_messages)
     3: .capture(act$val <- eval_bare(get_expr(.quo), get_env(.quo)), ...)
     4: withCallingHandlers(code, message = function(condition) {
     out$push(condition)
     invokeRestart("muffleMessage")
     })
     5: eval_bare(get_expr(.quo), get_env(.quo))
     6: download_phenocam(site = "bartlett$", veg_type = "DB", roi_id = "1000", frequency = 1,
     smooth = TRUE, outlier_detection = FALSE, phenophase = FALSE, daymet = TRUE,
     trim_daymet = TRUE, out_dir = tempdir())
    
     ══ testthat results ═══════════════════════════════════════════════════════════
     OK: 17 SKIPPED: 0 WARNINGS: 1 FAILED: 1
     1. Error: check download options (@test_download_function.r#32)
    
     Error: testthat unit tests failed
     Execution halted
Flavor: r-devel-linux-x86_64-fedora-clang

Version: 1.1.3
Check: tests
Result: ERROR
     Running ‘testthat.r’ [48s/133s]
    Running the tests in ‘tests/testthat.r’ failed.
    Complete output:
     > # Run all unit tests
     >
     > # This is a wrapper around all the tests specified
     > # in the tests/testthat directory. These tests are visible
     > # to users and serve as small examples as well.
     > testthat::test_check("phenocamr")
     Loading required package: phenocamr
     ── 1. Error: check download options (@test_download_function.r#32) ────────────
     $ operator is invalid for atomic vectors
     1: expect_message(download_phenocam(site = "bartlett$", veg_type = "DB", roi_id = "1000",
     frequency = 1, smooth = TRUE, outlier_detection = FALSE, phenophase = FALSE,
     daymet = TRUE, trim_daymet = TRUE, out_dir = tempdir())) at testthat/test_download_function.r:32
     2: quasi_capture(enquo(object), label, capture_messages)
     3: .capture(act$val <- eval_bare(get_expr(.quo), get_env(.quo)), ...)
     4: withCallingHandlers(code, message = function(condition) {
     out$push(condition)
     invokeRestart("muffleMessage")
     })
     5: eval_bare(get_expr(.quo), get_env(.quo))
     6: download_phenocam(site = "bartlett$", veg_type = "DB", roi_id = "1000", frequency = 1,
     smooth = TRUE, outlier_detection = FALSE, phenophase = FALSE, daymet = TRUE,
     trim_daymet = TRUE, out_dir = tempdir())
    
     ══ testthat results ═══════════════════════════════════════════════════════════
     OK: 17 SKIPPED: 0 WARNINGS: 1 FAILED: 1
     1. Error: check download options (@test_download_function.r#32)
    
     Error: testthat unit tests failed
     Execution halted
Flavor: r-devel-linux-x86_64-fedora-gcc

Version: 1.1.3
Check: tests
Result: ERROR
     Running ‘testthat.r’ [41s/131s]
    Running the tests in ‘tests/testthat.r’ failed.
    Complete output:
     > # Run all unit tests
     >
     > # This is a wrapper around all the tests specified
     > # in the tests/testthat directory. These tests are visible
     > # to users and serve as small examples as well.
     > testthat::test_check("phenocamr")
     Loading required package: phenocamr
     ── 1. Error: check download options (@test_download_function.r#32) ────────────
     $ operator is invalid for atomic vectors
     1: expect_message(download_phenocam(site = "bartlett$", veg_type = "DB", roi_id = "1000",
     frequency = 1, smooth = TRUE, outlier_detection = FALSE, phenophase = FALSE,
     daymet = TRUE, trim_daymet = TRUE, out_dir = tempdir())) at testthat/test_download_function.r:32
     2: quasi_capture(enquo(object), label, capture_messages)
     3: .capture(act$val <- eval_bare(get_expr(.quo), get_env(.quo)), ...)
     4: withCallingHandlers(code, message = function(condition) {
     out$push(condition)
     invokeRestart("muffleMessage")
     })
     5: eval_bare(get_expr(.quo), get_env(.quo))
     6: download_phenocam(site = "bartlett$", veg_type = "DB", roi_id = "1000", frequency = 1,
     smooth = TRUE, outlier_detection = FALSE, phenophase = FALSE, daymet = TRUE,
     trim_daymet = TRUE, out_dir = tempdir())
    
     ══ testthat results ═══════════════════════════════════════════════════════════
     OK: 17 SKIPPED: 0 WARNINGS: 1 FAILED: 1
     1. Error: check download options (@test_download_function.r#32)
    
     Error: testthat unit tests failed
     Execution halted
Flavor: r-patched-linux-x86_64

Version: 1.1.3
Check: tests
Result: ERROR
     Running ‘testthat.r’ [41s/129s]
    Running the tests in ‘tests/testthat.r’ failed.
    Complete output:
     > # Run all unit tests
     >
     > # This is a wrapper around all the tests specified
     > # in the tests/testthat directory. These tests are visible
     > # to users and serve as small examples as well.
     > testthat::test_check("phenocamr")
     Loading required package: phenocamr
     ── 1. Error: check download options (@test_download_function.r#32) ────────────
     $ operator is invalid for atomic vectors
     1: expect_message(download_phenocam(site = "bartlett$", veg_type = "DB", roi_id = "1000",
     frequency = 1, smooth = TRUE, outlier_detection = FALSE, phenophase = FALSE,
     daymet = TRUE, trim_daymet = TRUE, out_dir = tempdir())) at testthat/test_download_function.r:32
     2: quasi_capture(enquo(object), label, capture_messages)
     3: .capture(act$val <- eval_bare(get_expr(.quo), get_env(.quo)), ...)
     4: withCallingHandlers(code, message = function(condition) {
     out$push(condition)
     invokeRestart("muffleMessage")
     })
     5: eval_bare(get_expr(.quo), get_env(.quo))
     6: download_phenocam(site = "bartlett$", veg_type = "DB", roi_id = "1000", frequency = 1,
     smooth = TRUE, outlier_detection = FALSE, phenophase = FALSE, daymet = TRUE,
     trim_daymet = TRUE, out_dir = tempdir())
    
     ══ testthat results ═══════════════════════════════════════════════════════════
     OK: 17 SKIPPED: 0 WARNINGS: 1 FAILED: 1
     1. Error: check download options (@test_download_function.r#32)
    
     Error: testthat unit tests failed
     Execution halted
Flavor: r-release-linux-x86_64