CRAN Package Check Results for Package phenocamr

Last updated on 2019-05-20 01:46:44 CEST.

Flavor Version Tinstall Tcheck Ttotal Status Flags
r-devel-linux-x86_64-debian-clang 1.1.3 3.55 121.41 124.96 OK
r-devel-linux-x86_64-debian-gcc 1.1.3 2.67 84.36 87.03 OK
r-devel-linux-x86_64-fedora-clang 1.1.3 150.37 NOTE
r-devel-linux-x86_64-fedora-gcc 1.1.3 146.48 NOTE
r-devel-windows-ix86+x86_64 1.1.3 12.00 210.00 222.00 OK
r-patched-linux-x86_64 1.1.3 3.34 119.83 123.17 OK
r-patched-solaris-x86 1.1.3 208.60 NOTE
r-release-linux-x86_64 1.1.3 2.93 120.43 123.36 OK
r-release-windows-ix86+x86_64 1.1.3 10.00 210.00 220.00 OK
r-release-osx-x86_64 1.1.3 NOTE
r-oldrel-windows-ix86+x86_64 1.1.3 7.00 226.00 233.00 OK
r-oldrel-osx-x86_64 1.1.3 NOTE

Check Details

Version: 1.1.3
Check: dependencies in R code
Result: NOTE
    Namespaces in Imports field not imported from:
     ‘jsonlite’ ‘memoise’
     All declared Imports should be used.
Flavors: r-devel-linux-x86_64-fedora-clang, r-devel-linux-x86_64-fedora-gcc, r-patched-solaris-x86, r-release-osx-x86_64, r-oldrel-osx-x86_64