CRAN Package Check Results for Package phangorn

Last updated on 2019-08-20 01:48:14 CEST.

Flavor Version Tinstall Tcheck Ttotal Status Flags
r-devel-linux-x86_64-debian-clang 2.5.5 45.57 243.21 288.78 OK
r-devel-linux-x86_64-debian-gcc 2.5.5 36.68 186.72 223.40 OK
r-devel-linux-x86_64-fedora-clang 2.5.5 370.86 OK
r-devel-linux-x86_64-fedora-gcc 2.5.5 343.82 OK
r-devel-windows-ix86+x86_64 2.5.5 81.00 361.00 442.00 OK
r-patched-linux-x86_64 2.5.5 41.55 243.32 284.87 OK
r-patched-solaris-x86 2.5.5 452.70 OK
r-release-linux-x86_64 2.5.5 40.19 244.06 284.25 OK
r-release-windows-ix86+x86_64 2.5.5 78.00 324.00 402.00 NOTE
r-release-osx-x86_64 2.5.5 NOTE
r-oldrel-windows-ix86+x86_64 2.5.5 104.00 374.00 478.00 OK
r-oldrel-osx-x86_64 2.5.5 OK

Check Details

Version: 2.5.5
Check: installed package size
Result: NOTE
     installed size is 5.0Mb
     sub-directories of 1Mb or more:
     doc 1.1Mb
     libs 1.7Mb
Flavor: r-release-windows-ix86+x86_64

Version: 2.5.5
Check: package dependencies
Result: NOTE
    Package suggested but not available for checking: ‘Biostrings’
Flavor: r-release-osx-x86_64