CRAN Package Check Results for Package phangorn

Last updated on 2019-12-11 00:49:27 CET.

Flavor Version Tinstall Tcheck Ttotal Status Flags
r-devel-linux-x86_64-debian-clang 2.5.5 56.87 258.25 315.12 OK
r-devel-linux-x86_64-debian-gcc 2.5.5 38.59 199.60 238.19 OK
r-devel-linux-x86_64-fedora-clang 2.5.5 387.80 OK
r-devel-linux-x86_64-fedora-gcc 2.5.5 387.90 OK
r-devel-windows-ix86+x86_64 2.5.5 72.00 456.00 528.00 OK
r-devel-windows-ix86+x86_64-gcc8 2.5.5 75.00 457.00 532.00 NOTE
r-patched-linux-x86_64 2.5.5 42.01 233.36 275.37 OK
r-patched-solaris-x86 2.5.5 440.20 OK
r-release-linux-x86_64 2.5.5 39.20 256.29 295.49 OK
r-release-windows-ix86+x86_64 2.5.5 81.00 324.00 405.00 NOTE
r-release-osx-x86_64 2.5.5 NOTE
r-oldrel-windows-ix86+x86_64 2.5.5 72.00 281.00 353.00 OK
r-oldrel-osx-x86_64 2.5.5 OK

Check Details

Version: 2.5.5
Check: installed package size
Result: NOTE
     installed size is 5.5Mb
     sub-directories of 1Mb or more:
     doc 1.1Mb
     libs 2.2Mb
Flavors: r-devel-windows-ix86+x86_64-gcc8, r-release-windows-ix86+x86_64

Version: 2.5.5
Check: package dependencies
Result: NOTE
    Package suggested but not available for checking: ‘Biostrings’
Flavor: r-release-osx-x86_64