CRAN Package Check Results for Package pgirmess

Last updated on 2019-08-18 01:46:16 CEST.

Flavor Version Tinstall Tcheck Ttotal Status Flags
r-devel-linux-x86_64-debian-clang 1.6.9 11.01 100.64 111.65 NOTE
r-devel-linux-x86_64-debian-gcc 1.6.9 10.09 79.56 89.65 NOTE
r-devel-linux-x86_64-fedora-gcc 1.6.9 134.20 NOTE
r-devel-windows-ix86+x86_64 1.6.9 39.00 154.00 193.00 OK
r-patched-linux-x86_64 1.6.9 10.27 99.67 109.94 OK
r-patched-solaris-x86 1.6.9 218.10 OK
r-release-linux-x86_64 1.6.9 11.32 98.29 109.61 OK
r-release-windows-ix86+x86_64 1.6.9 41.00 194.00 235.00 OK
r-release-osx-x86_64 1.6.9 OK
r-oldrel-windows-ix86+x86_64 1.6.9 24.00 175.00 199.00 OK
r-oldrel-osx-x86_64 1.6.9 OK

Check Details

Version: 1.6.9
Check: for non-standard things in the check directory
Result: NOTE
    Found the following files/directories:
     'Myfile.txt'
Flavors: r-devel-linux-x86_64-debian-clang, r-devel-linux-x86_64-debian-gcc, r-devel-linux-x86_64-fedora-gcc