Last updated on 2019-12-11 00:49:27 CET.
Flavor | Version | Tinstall | Tcheck | Ttotal | Status | Flags |
---|---|---|---|---|---|---|
r-devel-linux-x86_64-debian-clang | 1.4-2 | 1.74 | 38.57 | 40.31 | OK | |
r-devel-linux-x86_64-debian-gcc | 1.4-2 | 1.49 | 29.53 | 31.02 | OK | |
r-devel-linux-x86_64-fedora-clang | 1.4-2 | 48.56 | OK | |||
r-devel-linux-x86_64-fedora-gcc | 1.4-2 | 46.99 | OK | |||
r-devel-windows-ix86+x86_64 | 1.4-2 | 8.00 | 88.00 | 96.00 | OK | |
r-devel-windows-ix86+x86_64-gcc8 | 1.4-2 | 7.00 | 90.00 | 97.00 | OK | |
r-patched-linux-x86_64 | 1.4-2 | 1.43 | 35.19 | 36.62 | OK | |
r-patched-solaris-x86 | 1.4-2 | 76.10 | OK | |||
r-release-linux-x86_64 | 1.4-2 | 1.27 | 34.83 | 36.10 | OK | |
r-release-windows-ix86+x86_64 | 1.4-2 | 6.00 | 72.00 | 78.00 | OK | |
r-release-osx-x86_64 | 1.4-2 | NOTE | ||||
r-oldrel-windows-ix86+x86_64 | 1.4-2 | 3.00 | 70.00 | 73.00 | OK | |
r-oldrel-osx-x86_64 | 1.4-2 | NOTE |
Version: 1.4-2
Check: dependencies in R code
Result: NOTE
No protocol specified
No protocol specified
Flavors: r-release-osx-x86_64, r-oldrel-osx-x86_64