CRAN Package Check Results for Package parsnip

Last updated on 2019-07-15 01:46:50 CEST.

Flavor Version Tinstall Tcheck Ttotal Status Flags
r-devel-linux-x86_64-debian-clang 0.0.2 9.16 106.16 115.32 OK
r-devel-linux-x86_64-debian-gcc 0.0.2 7.83 80.59 88.42 OK
r-devel-linux-x86_64-fedora-clang 0.0.2 136.15 OK
r-devel-linux-x86_64-fedora-gcc 0.0.2 129.05 OK
r-devel-windows-ix86+x86_64 0.0.2 16.00 86.00 102.00 OK
r-patched-linux-x86_64 0.0.2 8.91 103.83 112.74 OK
r-patched-solaris-x86 0.0.2 184.10 ERROR
r-release-linux-x86_64 0.0.2 9.10 103.70 112.80 OK
r-release-windows-ix86+x86_64 0.0.2 16.00 163.00 179.00 OK
r-release-osx-x86_64 0.0.2 OK
r-oldrel-windows-ix86+x86_64 0.0.2 16.00 132.00 148.00 OK
r-oldrel-osx-x86_64 0.0.2 OK

Additional issues

noLD

Check Details

Version: 0.0.2
Check: package dependencies
Result: NOTE
    Package suggested but not available for checking: ‘xgboost’
Flavor: r-patched-solaris-x86

Version: 0.0.2
Check: tests
Result: ERROR
     Running ‘testthat.R’ [77s/440s]
    Running the tests in ‘tests/testthat.R’ failed.
    Complete output:
     > library(testthat)
     > library(parsnip)
     >
     > test_check("parsnip")
     ── 1. Failure: glmnet prediction, single lambda (@test_linear_reg_glmnet.R#70)
     `uni_pred` not equal to predict(res_xy, iris[1:5, num_pred])$.pred.
     5/5 mismatches (average diff: 1.33e-05)
     [1] 5.05 - 5.05 == -1.44e-05
     [2] 4.87 - 4.87 == -1.19e-05
     [3] 4.91 - 4.91 == -7.50e-06
     [4] 4.94 - 4.94 == -1.78e-05
     [5] 5.09 - 5.09 == -1.49e-05
    
     ── 2. Failure: glmnet prediction, single lambda (@test_linear_reg_glmnet.R#82)
     `form_pred` not equal to predict(res_form, iris[1:5, ])$.pred.
     5/5 mismatches (average diff: 5.23e-06)
     [1] 5.24 - 5.24 == 4.80e-07
     [2] 5.09 - 5.09 == 1.02e-05
     [3] 5.16 - 5.16 == 6.11e-06
     [4] 5.13 - 5.13 == 8.11e-06
     [5] 5.27 - 5.27 == -1.29e-06
    
     ── 3. Failure: glmnet prediction, multiple lambda (@test_linear_reg_glmnet.R#128
     as.data.frame(mult_pred) not equal to `%>%`(...).
     Component ".pred": Mean relative difference: 1.478263e-06
    
     ── 4. Failure: glmnet prediction, multiple lambda (@test_linear_reg_glmnet.R#172
     as.data.frame(form_pred) not equal to `%>%`(...).
     Component ".pred": Mean relative difference: 1.489778e-06
    
     ══ testthat results ═══════════════════════════════════════════════════════════
     OK: 619 SKIPPED: 39 WARNINGS: 2 FAILED: 4
     1. Failure: glmnet prediction, single lambda (@test_linear_reg_glmnet.R#70)
     2. Failure: glmnet prediction, single lambda (@test_linear_reg_glmnet.R#82)
     3. Failure: glmnet prediction, multiple lambda (@test_linear_reg_glmnet.R#128)
     4. Failure: glmnet prediction, multiple lambda (@test_linear_reg_glmnet.R#172)
    
     Error: testthat unit tests failed
     Execution halted
Flavor: r-patched-solaris-x86