CRAN Package Check Results for Package parma

Last updated on 2019-05-27 01:47:50 CEST.

Flavor Version Tinstall Tcheck Ttotal Status Flags
r-devel-linux-x86_64-debian-clang 1.5-3 15.26 68.93 84.19 OK
r-devel-linux-x86_64-debian-gcc 1.5-3 12.88 53.48 66.36 OK
r-devel-linux-x86_64-fedora-clang 1.5-3 101.33 NOTE
r-devel-linux-x86_64-fedora-gcc 1.5-3 99.48 NOTE
r-devel-windows-ix86+x86_64 1.5-3 21.00 119.00 140.00 OK
r-patched-linux-x86_64 1.5-3 OK
r-patched-solaris-x86 1.5-3 128.50 NOTE
r-release-linux-x86_64 1.5-3 15.16 69.51 84.67 OK
r-release-windows-ix86+x86_64 1.5-3 32.00 90.00 122.00 OK
r-release-osx-x86_64 1.5-3 NOTE
r-oldrel-windows-ix86+x86_64 1.5-3 28.00 85.00 113.00 OK
r-oldrel-osx-x86_64 1.5-3 NOTE

Check Details

Version: 1.5-3
Check: compiled code
Result: NOTE
    File ‘parma/libs/parma.so’:
     Found no calls to: ‘R_registerRoutines’, ‘R_useDynamicSymbols’
    
    It is good practice to register native routines and to disable symbol
    search.
    
    See ‘Writing portable packages’ in the ‘Writing R Extensions’ manual.
Flavors: r-devel-linux-x86_64-fedora-clang, r-devel-linux-x86_64-fedora-gcc

Version: 1.5-3
Check: package dependencies
Result: NOTE
    Package suggested but not available for checking: ‘Rsymphony’
Flavors: r-patched-solaris-x86, r-release-osx-x86_64, r-oldrel-osx-x86_64