CRAN Package Check Results for Package parfm

Last updated on 2019-09-15 01:47:00 CEST.

Flavor Version Tinstall Tcheck Ttotal Status Flags
r-devel-linux-x86_64-debian-clang 2.7.6 9.61 189.81 199.42 NOTE
r-devel-linux-x86_64-debian-gcc 2.7.6 7.15 143.26 150.41 NOTE
r-devel-linux-x86_64-fedora-clang 2.7.6 236.07 NOTE
r-devel-linux-x86_64-fedora-gcc 2.7.6 253.12 NOTE
r-devel-windows-ix86+x86_64 2.7.6 23.00 205.00 228.00 OK
r-patched-linux-x86_64 2.7.6 7.82 185.21 193.03 OK
r-patched-solaris-x86 2.7.6 307.90 OK
r-release-linux-x86_64 2.7.6 7.41 185.59 193.00 OK
r-release-windows-ix86+x86_64 2.7.6 14.00 278.00 292.00 OK
r-release-osx-x86_64 2.7.6 OK
r-oldrel-windows-ix86+x86_64 2.7.6 13.00 194.00 207.00 OK
r-oldrel-osx-x86_64 2.7.6 OK

Check Details

Version: 2.7.6
Check: for non-standard things in the check directory
Result: NOTE
    Found the following files/directories:
     'NUL'
Flavors: r-devel-linux-x86_64-debian-clang, r-devel-linux-x86_64-debian-gcc, r-devel-linux-x86_64-fedora-clang, r-devel-linux-x86_64-fedora-gcc