CRAN Package Check Results for Package parfm

Last updated on 2019-06-25 01:49:07 CEST.

Flavor Version Tinstall Tcheck Ttotal Status Flags
r-devel-linux-x86_64-debian-clang 2.7.6 7.98 187.59 195.57 NOTE
r-devel-linux-x86_64-debian-gcc 2.7.6 6.56 144.16 150.72 NOTE
r-devel-linux-x86_64-fedora-clang 2.7.6 230.87 NOTE
r-devel-linux-x86_64-fedora-gcc 2.7.6 223.87 NOTE
r-devel-windows-ix86+x86_64 2.7.6 22.00 210.00 232.00 OK
r-patched-linux-x86_64 2.7.6 8.36 186.02 194.38 OK
r-patched-solaris-x86 2.7.6 311.10 OK
r-release-linux-x86_64 2.7.6 7.07 186.44 193.51 OK
r-release-windows-ix86+x86_64 2.7.6 16.00 272.00 288.00 OK
r-release-osx-x86_64 2.7.6 OK
r-oldrel-windows-ix86+x86_64 2.7.6 9.00 206.00 215.00 OK
r-oldrel-osx-x86_64 2.7.6 OK

Check Details

Version: 2.7.6
Check: for non-standard things in the check directory
Result: NOTE
    Found the following files/directories:
     'NUL'
Flavors: r-devel-linux-x86_64-debian-clang, r-devel-linux-x86_64-debian-gcc, r-devel-linux-x86_64-fedora-clang, r-devel-linux-x86_64-fedora-gcc