CRAN Package Check Results for Package oro.nifti

Last updated on 2019-08-24 01:50:03 CEST.

Flavor Version Tinstall Tcheck Ttotal Status Flags
r-devel-linux-x86_64-debian-clang 0.9.1 14.18 81.77 95.95 NOTE
r-devel-linux-x86_64-debian-gcc 0.9.1 12.51 63.80 76.31 NOTE
r-devel-linux-x86_64-fedora-clang 0.9.1 118.89 NOTE
r-devel-linux-x86_64-fedora-gcc 0.9.1 121.26 NOTE
r-devel-windows-ix86+x86_64 0.9.1 38.00 124.00 162.00 NOTE
r-patched-linux-x86_64 0.9.1 14.51 81.92 96.43 OK
r-patched-solaris-x86 0.9.1 161.20 NOTE
r-release-linux-x86_64 0.9.1 15.90 81.29 97.19 OK
r-release-windows-ix86+x86_64 0.9.1 25.00 131.00 156.00 NOTE
r-release-osx-x86_64 0.9.1 NOTE
r-oldrel-windows-ix86+x86_64 0.9.1 31.00 117.00 148.00 NOTE
r-oldrel-osx-x86_64 0.9.1 NOTE

Check Details

Version: 0.9.1
Check: for non-standard things in the check directory
Result: NOTE
    Found the following files/directories:
     'test-afni-image.BRIK' 'test-afni-image.HEAD'
     'test-anlz-image-uint8.hdr.gz' 'test-anlz-image-uint8.img.gz'
     'test-nifti-image-uint8.nii.gz'
Flavors: r-devel-linux-x86_64-debian-clang, r-devel-linux-x86_64-debian-gcc, r-devel-linux-x86_64-fedora-clang, r-devel-linux-x86_64-fedora-gcc

Version: 0.9.1
Check: installed package size
Result: NOTE
     installed size is 6.6Mb
     sub-directories of 1Mb or more:
     nifti 3.8Mb
Flavors: r-devel-linux-x86_64-fedora-clang, r-devel-windows-ix86+x86_64, r-patched-solaris-x86, r-release-windows-ix86+x86_64, r-release-osx-x86_64, r-oldrel-windows-ix86+x86_64, r-oldrel-osx-x86_64