CRAN Package Check Results for Package oro.nifti

Last updated on 2019-05-24 01:47:29 CEST.

Flavor Version Tinstall Tcheck Ttotal Status Flags
r-devel-linux-x86_64-debian-clang 0.9.1 15.46 82.37 97.83 OK
r-devel-linux-x86_64-debian-gcc 0.9.1 12.54 64.49 77.03 OK
r-devel-linux-x86_64-fedora-clang 0.9.1 123.32 NOTE
r-devel-linux-x86_64-fedora-gcc 0.9.1 112.73 OK
r-devel-windows-ix86+x86_64 0.9.1 36.00 106.00 142.00 NOTE
r-patched-linux-x86_64 0.9.1 14.22 83.21 97.43 OK
r-patched-solaris-x86 0.9.1 155.70 NOTE
r-release-linux-x86_64 0.9.1 15.97 82.63 98.60 OK
r-release-windows-ix86+x86_64 0.9.1 34.00 98.00 132.00 NOTE
r-release-osx-x86_64 0.9.1 NOTE
r-oldrel-windows-ix86+x86_64 0.9.1 17.00 90.00 107.00 NOTE
r-oldrel-osx-x86_64 0.9.1 NOTE

Check Details

Version: 0.9.1
Check: installed package size
Result: NOTE
     installed size is 6.6Mb
     sub-directories of 1Mb or more:
     nifti 3.8Mb
Flavors: r-devel-linux-x86_64-fedora-clang, r-devel-windows-ix86+x86_64, r-patched-solaris-x86, r-release-windows-ix86+x86_64, r-release-osx-x86_64, r-oldrel-windows-ix86+x86_64, r-oldrel-osx-x86_64