CRAN Package Check Results for Package oro.dicom

Last updated on 2019-08-18 01:46:15 CEST.

Flavor Version Tinstall Tcheck Ttotal Status Flags
r-devel-linux-x86_64-debian-clang 0.5.0 3.30 48.16 51.46 NOTE
r-devel-linux-x86_64-debian-gcc 0.5.0 2.83 37.48 40.31 NOTE
r-devel-linux-x86_64-fedora-gcc 0.5.0 58.58 NOTE
r-devel-windows-ix86+x86_64 0.5.0 11.00 65.00 76.00 NOTE
r-patched-linux-x86_64 0.5.0 2.43 47.36 49.79 NOTE
r-patched-solaris-x86 0.5.0 101.30 NOTE
r-release-linux-x86_64 0.5.0 2.65 46.86 49.51 NOTE
r-release-windows-ix86+x86_64 0.5.0 9.00 90.00 99.00 NOTE
r-release-osx-x86_64 0.5.0 NOTE
r-oldrel-windows-ix86+x86_64 0.5.0 8.00 82.00 90.00 NOTE
r-oldrel-osx-x86_64 0.5.0 NOTE

Check Details

Version: 0.5.0
Check: R code for possible problems
Result: NOTE
    dicomTable: no visible global function definition for 'txtProgressBar'
    dicomTable: no visible global function definition for
     'setTxtProgressBar'
    readDICOM: no visible global function definition for 'txtProgressBar'
    readDICOM: no visible global function definition for
     'setTxtProgressBar'
    writeHeader: no visible global function definition for 'write.table'
    Undefined global functions or variables:
     setTxtProgressBar txtProgressBar write.table
    Consider adding
     importFrom("utils", "setTxtProgressBar", "txtProgressBar",
     "write.table")
    to your NAMESPACE file.
Flavors: r-devel-linux-x86_64-debian-clang, r-devel-linux-x86_64-debian-gcc, r-devel-linux-x86_64-fedora-gcc, r-devel-windows-ix86+x86_64, r-patched-linux-x86_64, r-patched-solaris-x86, r-release-linux-x86_64, r-release-windows-ix86+x86_64, r-release-osx-x86_64, r-oldrel-windows-ix86+x86_64, r-oldrel-osx-x86_64