CRAN Package Check Results for Package optpart

Last updated on 2019-07-16 07:50:57 CEST.

Flavor Version Tinstall Tcheck Ttotal Status Flags
r-devel-linux-x86_64-debian-clang 2.3-0 10.85 75.22 86.07 OK
r-devel-linux-x86_64-debian-gcc 2.3-0 7.69 60.68 68.37 OK
r-devel-linux-x86_64-fedora-clang 2.3-0 103.38 NOTE
r-devel-linux-x86_64-fedora-gcc 2.3-0 102.25 NOTE
r-devel-windows-ix86+x86_64 2.3-0 43.00 135.00 178.00 OK
r-patched-linux-x86_64 2.3-0 9.01 75.77 84.78 OK
r-patched-solaris-x86 2.3-0 185.20 OK
r-release-linux-x86_64 2.3-0 9.88 75.84 85.72 OK
r-release-windows-ix86+x86_64 2.3-0 28.00 172.00 200.00 OK
r-release-osx-x86_64 2.3-0 OK
r-oldrel-windows-ix86+x86_64 2.3-0 31.00 112.00 143.00 OK
r-oldrel-osx-x86_64 2.3-0 OK

Check Details

Version: 2.3-0
Check: compiled code
Result: NOTE
    File ‘optpart/libs/optpart.so’:
     Found no calls to: ‘R_registerRoutines’, ‘R_useDynamicSymbols’
    
    It is good practice to register native routines and to disable symbol
    search.
    
    See ‘Writing portable packages’ in the ‘Writing R Extensions’ manual.
Flavors: r-devel-linux-x86_64-fedora-clang, r-devel-linux-x86_64-fedora-gcc