CRAN Package Check Results for Package optiSel

Last updated on 2019-08-18 01:46:15 CEST.

Flavor Version Tinstall Tcheck Ttotal Status Flags
r-devel-linux-x86_64-debian-clang 2.0.2 151.95 249.01 400.96 WARN
r-devel-linux-x86_64-debian-gcc 2.0.2 113.45 198.91 312.36 WARN
r-devel-linux-x86_64-fedora-gcc 2.0.2 513.45 WARN
r-devel-windows-ix86+x86_64 2.0.2 431.00 394.00 825.00 OK
r-patched-linux-x86_64 2.0.2 131.36 239.57 370.93 OK
r-patched-solaris-x86 2.0.2 674.90 OK
r-release-linux-x86_64 2.0.2 130.61 240.43 371.04 OK
r-release-windows-ix86+x86_64 2.0.2 317.00 479.00 796.00 OK
r-release-osx-x86_64 2.0.2 WARN
r-oldrel-windows-ix86+x86_64 2.0.2 427.00 453.00 880.00 OK
r-oldrel-osx-x86_64 2.0.2 WARN

Additional issues

valgrind

Check Details

Version: 2.0.2
Check: whether package can be installed
Result: WARN
    Found the following significant warnings:
     rcpp_nativecont.cpp:34:5: warning: ignoring return value of function declared with 'warn_unused_result' attribute [-Wunused-result]
     rcpp_nativecont.cpp:30:3: warning: ignoring return value of function declared with 'warn_unused_result' attribute [-Wunused-result]
     rcpp_segBreedComp.cpp:45:7: warning: ignoring return value of function declared with 'warn_unused_result' attribute [-Wunused-result]
     rcpp_segBreedComp.cpp:42:5: warning: ignoring return value of function declared with 'warn_unused_result' attribute [-Wunused-result]
     rcpp_segN.cpp:48:5: warning: ignoring return value of function declared with 'warn_unused_result' attribute [-Wunused-result]
Flavor: r-devel-linux-x86_64-debian-clang

Version: 2.0.2
Check: whether package can be installed
Result: WARN
    Found the following significant warnings:
     rcpp_nativecont.cpp:30:8: warning: ignoring return value of ‘char* fgets(char*, int, FILE*)’, declared with attribute warn_unused_result [-Wunused-result]
     rcpp_nativecont.cpp:34:10: warning: ignoring return value of ‘char* fgets(char*, int, FILE*)’, declared with attribute warn_unused_result [-Wunused-result]
     rcpp_segBreedComp.cpp:42:10: warning: ignoring return value of ‘char* fgets(char*, int, FILE*)’, declared with attribute warn_unused_result [-Wunused-result]
     rcpp_segBreedComp.cpp:45:12: warning: ignoring return value of ‘char* fgets(char*, int, FILE*)’, declared with attribute warn_unused_result [-Wunused-result]
     rcpp_segN.cpp:48:10: warning: ignoring return value of ‘char* fgets(char*, int, FILE*)’, declared with attribute warn_unused_result [-Wunused-result]
Flavors: r-devel-linux-x86_64-debian-gcc, r-devel-linux-x86_64-fedora-gcc

Version: 2.0.2
Check: whether package can be installed
Result: WARN
    Found the following significant warnings:
     Warning: 'rgl_init' failed, running with rgl.useNULL = TRUE
Flavors: r-release-osx-x86_64, r-oldrel-osx-x86_64

Version: 2.0.2
Check: installed package size
Result: NOTE
     installed size is 5.5Mb
     sub-directories of 1Mb or more:
     extdata 1.8Mb
     libs 2.7Mb
Flavors: r-release-osx-x86_64, r-oldrel-osx-x86_64