CRAN Package Check Results for Package optiSel

Last updated on 2019-12-05 00:52:02 CET.

Flavor Version Tinstall Tcheck Ttotal Status Flags
r-devel-linux-x86_64-debian-clang 2.0.2 172.72 265.12 437.84 WARN
r-devel-linux-x86_64-debian-gcc 2.0.2 122.52 207.48 330.00 WARN
r-devel-linux-x86_64-fedora-clang 2.0.2 572.67 NOTE
r-devel-linux-x86_64-fedora-gcc 2.0.2 530.55 WARN
r-devel-windows-ix86+x86_64 2.0.2 273.00 482.00 755.00 OK
r-devel-windows-ix86+x86_64-gcc8 2.0.2 406.00 493.00 899.00 NOTE
r-patched-linux-x86_64 2.0.2 136.61 239.72 376.33 OK
r-patched-solaris-x86 2.0.2 652.40 OK
r-release-linux-x86_64 2.0.2 133.92 254.71 388.63 OK
r-release-windows-ix86+x86_64 2.0.2 318.00 350.00 668.00 OK
r-release-osx-x86_64 2.0.2 WARN
r-oldrel-windows-ix86+x86_64 2.0.2 293.00 351.00 644.00 OK
r-oldrel-osx-x86_64 2.0.2 WARN

Additional issues

valgrind

Check Details

Version: 2.0.2
Check: whether package can be installed
Result: WARN
    Found the following significant warnings:
     rcpp_nativecont.cpp:30:3: warning: ignoring return value of function declared with 'warn_unused_result' attribute [-Wunused-result]
     rcpp_nativecont.cpp:34:5: warning: ignoring return value of function declared with 'warn_unused_result' attribute [-Wunused-result]
     rcpp_segBreedComp.cpp:42:5: warning: ignoring return value of function declared with 'warn_unused_result' attribute [-Wunused-result]
     rcpp_segBreedComp.cpp:45:7: warning: ignoring return value of function declared with 'warn_unused_result' attribute [-Wunused-result]
     rcpp_segN.cpp:48:5: warning: ignoring return value of function declared with 'warn_unused_result' attribute [-Wunused-result]
Flavor: r-devel-linux-x86_64-debian-clang

Version: 2.0.2
Check: whether package can be installed
Result: WARN
    Found the following significant warnings:
     rcpp_nativecont.cpp:30:8: warning: ignoring return value of ‘char* fgets(char*, int, FILE*)’, declared with attribute warn_unused_result [-Wunused-result]
     rcpp_nativecont.cpp:34:10: warning: ignoring return value of ‘char* fgets(char*, int, FILE*)’, declared with attribute warn_unused_result [-Wunused-result]
     rcpp_segBreedComp.cpp:42:10: warning: ignoring return value of ‘char* fgets(char*, int, FILE*)’, declared with attribute warn_unused_result [-Wunused-result]
     rcpp_segBreedComp.cpp:45:12: warning: ignoring return value of ‘char* fgets(char*, int, FILE*)’, declared with attribute warn_unused_result [-Wunused-result]
     rcpp_segN.cpp:48:10: warning: ignoring return value of ‘char* fgets(char*, int, FILE*)’, declared with attribute warn_unused_result [-Wunused-result]
Flavors: r-devel-linux-x86_64-debian-gcc, r-devel-linux-x86_64-fedora-gcc

Version: 2.0.2
Check: installed package size
Result: NOTE
     installed size is 6.3Mb
     sub-directories of 1Mb or more:
     extdata 1.8Mb
     libs 3.4Mb
Flavors: r-devel-linux-x86_64-fedora-clang, r-devel-windows-ix86+x86_64-gcc8, r-release-osx-x86_64, r-oldrel-osx-x86_64

Version: 2.0.2
Check: whether package can be installed
Result: WARN
    Found the following significant warnings:
     Warning: 'rgl_init' failed, running with rgl.useNULL = TRUE
Flavors: r-release-osx-x86_64, r-oldrel-osx-x86_64