CRAN Package Check Results for Package optbdmaeAT

Last updated on 2019-11-17 01:48:16 CET.

Flavor Version Tinstall Tcheck Ttotal Status Flags
r-devel-linux-x86_64-debian-clang 1.0.1 9.61 65.33 74.94 NOTE
r-devel-linux-x86_64-debian-gcc 1.0.1 8.05 51.12 59.17 NOTE
r-devel-linux-x86_64-fedora-clang 1.0.1 89.43 NOTE
r-devel-linux-x86_64-fedora-gcc 1.0.1 88.81 NOTE
r-devel-windows-ix86+x86_64 1.0.1 27.00 106.00 133.00 OK
r-patched-linux-x86_64 1.0.1 9.51 61.87 71.38 OK
r-patched-solaris-x86 1.0.1 140.60 OK
r-release-linux-x86_64 1.0.1 9.36 61.31 70.67 OK
r-release-windows-ix86+x86_64 1.0.1 16.00 76.00 92.00 OK
r-release-osx-x86_64 1.0.1 FAIL
r-oldrel-windows-ix86+x86_64 1.0.1 12.00 95.00 107.00 OK
r-oldrel-osx-x86_64 1.0.1 OK

Check Details

Version: 1.0.1
Check: for non-standard things in the check directory
Result: NOTE
    Found the following files/directories:
     'Graph_layout_Doptbd_trtE'
Flavors: r-devel-linux-x86_64-debian-clang, r-devel-linux-x86_64-debian-gcc, r-devel-linux-x86_64-fedora-clang, r-devel-linux-x86_64-fedora-gcc

Version: 1.0.1
Check: whether package can be installed
Result: FAIL
    
Flavor: r-release-osx-x86_64